{"id":419,"date":"2025-03-23T09:52:06","date_gmt":"2025-03-23T09:52:06","guid":{"rendered":"https:\/\/ibbg.ch.hira.ch-meta.net\/examen-professionnel\/"},"modified":"2025-07-18T12:58:39","modified_gmt":"2025-07-18T12:58:39","slug":"examen-professionnel","status":"publish","type":"page","link":"https:\/\/ibbg.ch\/fr\/examen-professionnel\/","title":{"rendered":"Examen professionnel"},"content":{"rendered":"<div class=\"fusion-fullwidth fullwidth-box fusion-builder-row-1 fusion-flex-container has-pattern-background has-mask-background hundred-percent-fullwidth non-hundred-percent-height-scrolling\" style=\"--awb-border-radius-top-left:0px;--awb-border-radius-top-right:0px;--awb-border-radius-bottom-right:0px;--awb-border-radius-bottom-left:0px;--awb-padding-right:5%;--awb-padding-left:5%;--awb-flex-wrap:wrap;\" ><div class=\"fusion-builder-row fusion-row fusion-flex-align-items-flex-start fusion-flex-content-wrap\" style=\"width:104% !important;max-width:104% !important;margin-left: calc(-4% \/ 2 );margin-right: calc(-4% \/ 2 );\"><div class=\"fusion-layout-column fusion_builder_column fusion-builder-column-0 fusion_builder_column_1_1 1_1 fusion-flex-column\" style=\"--awb-bg-size:cover;--awb-width-large:100%;--awb-margin-top-large:0px;--awb-spacing-right-large:1.92%;--awb-margin-bottom-large:20px;--awb-spacing-left-large:1.92%;--awb-width-medium:100%;--awb-order-medium:0;--awb-spacing-right-medium:1.92%;--awb-spacing-left-medium:1.92%;--awb-width-small:100%;--awb-order-small:0;--awb-spacing-right-small:1.92%;--awb-spacing-left-small:1.92%;\"><div class=\"fusion-column-wrapper fusion-column-has-shadow fusion-flex-justify-content-flex-start fusion-content-layout-column\"><div class=\"fusion-blog-shortcode fusion-blog-shortcode-1 fusion-blog-archive fusion-blog-layout-large fusion-blog-no fusion-blog-no-images\" style=\"--awb-title-font-size:var(--awb-typography5-font-size);--awb-title-line-height:var(--awb-typography5-line-height);--awb-title-letter-spacing:var(--awb-typography5-letter-spacing);--awb-title-text-transform:var(--awb-typography5-text-transform);--awb-title-font-family:-apple-system, BlinkMacSystemFont, &#039;Segoe UI&#039;, Roboto, Oxygen-Sans, Ubuntu, Cantarell, &#039;Helvetica Neue&#039; ,sans-serif;--awb-title-font-style:normal;--awb-title-font-weight:400;\"><div class=\"fusion-posts-container fusion-posts-container-no fusion-no-meta-info\" data-pages=\"1\"><article id=\"blog-1-post-1545\" class=\"fusion-post-large post-1545 post type-post status-publish format-standard hentry category-actualites-sur-les-examens-professionnels tag-publication-de-lexamen-professionnel-2026\">\n<div class=\"fusion-post-content post-content\"><div class=\"fusion-post-content-container\"><div class=\"fusion-fullwidth fullwidth-box fusion-builder-row-1-1 fusion-flex-container has-pattern-background has-mask-background nonhundred-percent-fullwidth non-hundred-percent-height-scrolling\" style=\"--awb-border-radius-top-left:0px;--awb-border-radius-top-right:0px;--awb-border-radius-bottom-right:0px;--awb-border-radius-bottom-left:0px;--awb-flex-wrap:wrap;\" ><div class=\"fusion-builder-row fusion-row fusion-flex-align-items-flex-start fusion-flex-content-wrap\" style=\"width:104% !important;max-width:104% !important;margin-left: calc(-4% \/ 2 );margin-right: calc(-4% \/ 2 );\"><div class=\"fusion-layout-column fusion_builder_column fusion-builder-column-1 fusion_builder_column_1_1 1_1 fusion-flex-column\" style=\"--awb-bg-size:cover;--awb-width-large:100%;--awb-flex-grow:0;--awb-flex-shrink:0;--awb-margin-top-large:0px;--awb-spacing-right-large:1.92%;--awb-margin-bottom-large:20px;--awb-spacing-left-large:1.92%;--awb-width-medium:100%;--awb-order-medium:0;--awb-flex-grow-medium:0;--awb-flex-shrink-medium:0;--awb-spacing-right-medium:1.92%;--awb-spacing-left-medium:1.92%;--awb-width-small:100%;--awb-order-small:0;--awb-flex-grow-small:0;--awb-flex-shrink-small:0;--awb-spacing-right-small:1.92%;--awb-spacing-left-small:1.92%;\"><div class=\"fusion-column-wrapper fusion-column-has-shadow fusion-flex-justify-content-flex-start fusion-content-layout-column\"><div class=\"fusion-text fusion-text-1\"><h2><strong>Inscription \u00e0 l&rsquo;examen professionnel 2026<\/strong><\/h2>\n<p><strong>pour cr\u00e9ateur\/cr\u00e9atrice de v\u00eatements<\/strong><br \/>\nselon le r\u00e8glement d&rsquo;examen du 25.05.2022 et les directives du 01.07.2022<br \/>\n<a href=\"https:\/\/ibbg.ch\/wp-content\/uploads\/2025\/07\/Berufspr%C3%BCfung%202026\/Ausschreibung_Publication_Pubblicazione_BP%202026.pdf\" target=\"_blank\" rel=\"noopener\">Vous trouverez le document correspondant ici.<\/a><\/p>\n<p><a href=\"https:\/\/ibbg.ch\/wp-content\/uploads\/2025\/07\/Berufspr%C3%BCfung%202026\/Inscription_EP%202026.pdf\" target=\"_blank\" rel=\"noopener\">Vous trouverez le formulaire d&rsquo;inscription ici !<\/a><\/p>\n<\/div><\/div><\/div><\/div><\/div>\n<\/div><\/div><div class=\"fusion-clearfix\"><\/div><\/article>\n<\/div><\/div><div class=\"fusion-separator\" style=\"align-self: center;margin-left: auto;margin-right: auto;margin-top:10px;margin-bottom:10px;width:100%;max-width:90%;\"><div class=\"fusion-separator-border sep-single sep-solid\" style=\"--awb-height:20px;--awb-amount:20px;--awb-sep-color:var(--awb-custom_color_1);border-color:var(--awb-custom_color_1);border-top-width:1px;\"><\/div><\/div><div class=\"fusion-title title fusion-title-1 fusion-sep-none fusion-title-text fusion-title-size-one\" style=\"--awb-margin-top-small:10px;--awb-margin-right-small:0px;--awb-margin-bottom-small:10px;--awb-margin-left-small:0px;\"><h1 class=\"fusion-title-heading title-heading-left\" style=\"margin:0;\"><h1>L&rsquo;examen professionnel de cr\u00e9ateur\/cr\u00e9atrice de v\u00eatements<\/h1><\/h1><\/div><div class=\"fusion-text fusion-text-2\"><p>L&rsquo;examen professionnel f\u00e9d\u00e9ral a pour but de v\u00e9rifier de mani\u00e8re d\u00e9finitive que les candidats poss\u00e8dent les comp\u00e9tences n\u00e9cessaires \u00e0 l&rsquo;exercice d&rsquo;une activit\u00e9 professionnelle exigeante et \u00e0 responsabilit\u00e9.<\/p>\n<p><strong>Domaine d&rsquo;activit\u00e9<br \/>\n<\/strong>Les cr\u00e9ateurs de v\u00eatements avec brevet f\u00e9d\u00e9ral sont sp\u00e9cialis\u00e9s dans la fabrication de v\u00eatements individuels sur mesure en tenant compte des exigences et des besoins auxquels le v\u00eatement doit r\u00e9pondre. Ils exercent des activit\u00e9s telles que le conseil, la recherche, l&rsquo;analyse des tendances, la conception, la visualisation, le calcul, la planification du travail et la fabrication de v\u00eatements de haute qualit\u00e9.  <\/p>\n<p>Les cr\u00e9ateurs de v\u00eatements avec brevet f\u00e9d\u00e9ral travaillent dans des ateliers de couture et des magasins sp\u00e9cialis\u00e9s dans l&rsquo;habillement individuel, dans des ateliers de couture pour le th\u00e9\u00e2tre et dans des ateliers de confection de costumes traditionnels ou de fourrures. Ils peuvent \u00e9galement travailler dans le commerce et l&rsquo;industrie de l&rsquo;habillement. Ils exercent une fonction de direction ou assistent la direction.   <\/p>\n<p><a href=\"https:\/\/ibbg.ch\/wp-content\/uploads\/2025\/oeffDokumente\/FR\/Weiterbildung-Berufsp%C3%BCfung\/po%2020220525%20bp%20bekl.gest.%20frz..pdf\" target=\"_blank\" rel=\"noopener\">R\u00e8glement de l&rsquo;examen BP 20220525<\/a><br \/>\n<a href=\"https:\/\/ibbg.ch\/wp-content\/uploads\/2025\/oeffDokumente\/FR\/Weiterbildung-Berufsp%C3%BCfung\/Directives_EP.pdf\" target=\"_blank\" rel=\"noopener\">Guide BP<\/a><br \/>\n<a href=\"https:\/\/ibbg.ch\/wp-content\/uploads\/2025\/oeffDokumente\/FR\/Weiterbildung-Berufsp%C3%BCfung\/Examen%20professionnel_STF_15032023.pdf\" target=\"_blank\" rel=\"noopener\">Informations BP STF<\/a><\/p>\n<p><a href=\"https:\/\/www.stf.ch\/kurse\/bp-bekleidungsgestalter\/\" target=\"_blank\" rel=\"noopener\">Informations sur le cours pr\u00e9paratoire<\/a><\/p>\n<\/div><\/div><\/div><\/div><\/div>\n","protected":false},"excerpt":{"rendered":"","protected":false},"author":1,"featured_media":0,"parent":0,"menu_order":0,"comment_status":"closed","ping_status":"closed","template":"100-width.php","meta":{"footnotes":""},"class_list":["post-419","page","type-page","status-publish","hentry"],"_links":{"self":[{"href":"https:\/\/ibbg.ch\/fr\/wp-json\/wp\/v2\/pages\/419","targetHints":{"allow":["GET"]}}],"collection":[{"href":"https:\/\/ibbg.ch\/fr\/wp-json\/wp\/v2\/pages"}],"about":[{"href":"https:\/\/ibbg.ch\/fr\/wp-json\/wp\/v2\/types\/page"}],"author":[{"embeddable":true,"href":"https:\/\/ibbg.ch\/fr\/wp-json\/wp\/v2\/users\/1"}],"replies":[{"embeddable":true,"href":"https:\/\/ibbg.ch\/fr\/wp-json\/wp\/v2\/comments?post=419"}],"version-history":[{"count":9,"href":"https:\/\/ibbg.ch\/fr\/wp-json\/wp\/v2\/pages\/419\/revisions"}],"predecessor-version":[{"id":1568,"href":"https:\/\/ibbg.ch\/fr\/wp-json\/wp\/v2\/pages\/419\/revisions\/1568"}],"wp:attachment":[{"href":"https:\/\/ibbg.ch\/fr\/wp-json\/wp\/v2\/media?parent=419"}],"curies":[{"name":"wp","href":"https:\/\/api.w.org\/{rel}","templated":true}]}}

<div class="fusion-fullwidth fullwidth-box fusion-builder-row-1 fusion-flex-container has-pattern-background has-mask-background hundred-percent-fullwidth non-hundred-percent-height-scrolling" style="--awb-border-radius-top-left:0px;--awb-border-radius-top-right:0px;--awb-border-radius-bottom-right:0px;--awb-border-radius-bottom-left:0px;--awb-padding-right:5%;--awb-padding-left:5%;--awb-flex-wrap:wrap;" ><div class="fusion-builder-row fusion-row fusion-flex-align-items-flex-start fusion-flex-content-wrap" style="width:104% !important;max-width:104% !important;margin-left: calc(-4% / 2 );margin-right: calc(-4% / 2 );"><div class="fusion-layout-column fusion_builder_column fusion-builder-column-0 fusion_builder_column_1_1 1_1 fusion-flex-column" style="--awb-bg-size:cover;--awb-width-large:100%;--awb-margin-top-large:0px;--awb-spacing-right-large:1.92%;--awb-margin-bottom-large:20px;--awb-spacing-left-large:1.92%;--awb-width-medium:100%;--awb-order-medium:0;--awb-spacing-right-medium:1.92%;--awb-spacing-left-medium:1.92%;--awb-width-small:100%;--awb-order-small:0;--awb-spacing-right-small:1.92%;--awb-spacing-left-small:1.92%;"><div class="fusion-column-wrapper fusion-column-has-shadow fusion-flex-justify-content-flex-start fusion-content-layout-column"><div class="fusion-blog-shortcode fusion-blog-shortcode-1 fusion-blog-archive fusion-blog-layout-large fusion-blog-no fusion-blog-no-images" style="--awb-title-font-size:var(--awb-typography5-font-size);--awb-title-line-height:var(--awb-typography5-line-height);--awb-title-letter-spacing:var(--awb-typography5-letter-spacing);--awb-title-text-transform:var(--awb-typography5-text-transform);--awb-title-font-family:-apple-system, BlinkMacSystemFont, &#039;Segoe UI&#039;, Roboto, Oxygen-Sans, Ubuntu, Cantarell, &#039;Helvetica Neue&#039; ,sans-serif;--awb-title-font-style:normal;--awb-title-font-weight:400;"><div class="fusion-posts-container fusion-posts-container-no fusion-no-meta-info" data-pages="1"><article id="blog-1-post-1545" class="fusion-post-large post-1545 post type-post status-publish format-standard hentry category-actualites-sur-les-examens-professionnels tag-publication-de-lexamen-professionnel-2026">
<div class="fusion-post-content post-content"><div class="fusion-post-content-container"><div class="fusion-fullwidth fullwidth-box fusion-builder-row-1-1 fusion-flex-container has-pattern-background has-mask-background nonhundred-percent-fullwidth non-hundred-percent-height-scrolling" style="--awb-border-radius-top-left:0px;--awb-border-radius-top-right:0px;--awb-border-radius-bottom-right:0px;--awb-border-radius-bottom-left:0px;--awb-flex-wrap:wrap;" ><div class="fusion-builder-row fusion-row fusion-flex-align-items-flex-start fusion-flex-content-wrap" style="width:104% !important;max-width:104% !important;margin-left: calc(-4% / 2 );margin-right: calc(-4% / 2 );"><div class="fusion-layout-column fusion_builder_column fusion-builder-column-1 fusion_builder_column_1_1 1_1 fusion-flex-column" style="--awb-bg-size:cover;--awb-width-large:100%;--awb-flex-grow:0;--awb-flex-shrink:0;--awb-margin-top-large:0px;--awb-spacing-right-large:1.92%;--awb-margin-bottom-large:20px;--awb-spacing-left-large:1.92%;--awb-width-medium:100%;--awb-order-medium:0;--awb-flex-grow-medium:0;--awb-flex-shrink-medium:0;--awb-spacing-right-medium:1.92%;--awb-spacing-left-medium:1.92%;--awb-width-small:100%;--awb-order-small:0;--awb-flex-grow-small:0;--awb-flex-shrink-small:0;--awb-spacing-right-small:1.92%;--awb-spacing-left-small:1.92%;"><div class="fusion-column-wrapper fusion-column-has-shadow fusion-flex-justify-content-flex-start fusion-content-layout-column"><div class="fusion-text fusion-text-1"><h2><strong>Inscription à l&rsquo;examen professionnel 2026</strong></h2>
<p><strong>pour créateur/créatrice de vêtements</strong><br />
selon le règlement d&rsquo;examen du 25.05.2022 et les directives du 01.07.2022<br />
<a href="https://ibbg.ch/wp-content/uploads/2025/07/Berufspr%C3%BCfung%202026/Ausschreibung_Publication_Pubblicazione_BP%202026.pdf" target="_blank" rel="noopener">Vous trouverez le document correspondant ici.</a></p>
<p><a href="https://ibbg.ch/wp-content/uploads/2025/07/Berufspr%C3%BCfung%202026/Inscription_EP%202026.pdf" target="_blank" rel="noopener">Vous trouverez le formulaire d&rsquo;inscription ici !</a></p>
</div></div></div></div></div>
</div></div><div class="fusion-clearfix"></div></article>
</div></div><div class="fusion-separator" style="align-self: center;margin-left: auto;margin-right: auto;margin-top:10px;margin-bottom:10px;width:100%;max-width:90%;"><div class="fusion-separator-border sep-single sep-solid" style="--awb-height:20px;--awb-amount:20px;--awb-sep-color:var(--awb-custom_color_1);border-color:var(--awb-custom_color_1);border-top-width:1px;"></div></div><div class="fusion-title title fusion-title-1 fusion-sep-none fusion-title-text fusion-title-size-one" style="--awb-margin-top-small:10px;--awb-margin-right-small:0px;--awb-margin-bottom-small:10px;--awb-margin-left-small:0px;"><h1 class="fusion-title-heading title-heading-left" style="margin:0;"><h1>L&rsquo;examen professionnel de créateur/créatrice de vêtements</h1></h1></div><div class="fusion-text fusion-text-2"><p>L&rsquo;examen professionnel fédéral a pour but de vérifier de manière définitive que les candidats possèdent les compétences nécessaires à l&rsquo;exercice d&rsquo;une activité professionnelle exigeante et à responsabilité.</p>
<p><strong>Domaine d&rsquo;activité<br />
</strong>Les créateurs de vêtements avec brevet fédéral sont spécialisés dans la fabrication de vêtements individuels sur mesure en tenant compte des exigences et des besoins auxquels le vêtement doit répondre. Ils exercent des activités telles que le conseil, la recherche, l&rsquo;analyse des tendances, la conception, la visualisation, le calcul, la planification du travail et la fabrication de vêtements de haute qualité.  </p>
<p>Les créateurs de vêtements avec brevet fédéral travaillent dans des ateliers de couture et des magasins spécialisés dans l&rsquo;habillement individuel, dans des ateliers de couture pour le théâtre et dans des ateliers de confection de costumes traditionnels ou de fourrures. Ils peuvent également travailler dans le commerce et l&rsquo;industrie de l&rsquo;habillement. Ils exercent une fonction de direction ou assistent la direction.   </p>
<p><a href="https://ibbg.ch/wp-content/uploads/2025/oeffDokumente/FR/Weiterbildung-Berufsp%C3%BCfung/po%2020220525%20bp%20bekl.gest.%20frz..pdf" target="_blank" rel="noopener">Règlement de l&rsquo;examen BP 20220525</a><br />
<a href="https://ibbg.ch/wp-content/uploads/2025/oeffDokumente/FR/Weiterbildung-Berufsp%C3%BCfung/Directives_EP.pdf" target="_blank" rel="noopener">Guide BP</a><br />
<a href="https://ibbg.ch/wp-content/uploads/2025/oeffDokumente/FR/Weiterbildung-Berufsp%C3%BCfung/Examen%20professionnel_STF_15032023.pdf" target="_blank" rel="noopener">Informations BP STF</a></p>
<p><a href="https://www.stf.ch/kurse/bp-bekleidungsgestalter/" target="_blank" rel="noopener">Informations sur le cours préparatoire</a></p>
</div></div></div></div></div>
