{"id":394,"date":"2025-03-23T09:36:29","date_gmt":"2025-03-23T09:36:29","guid":{"rendered":"https:\/\/ibbg.ch.hira.ch-meta.net\/profil-de-la-profession-2\/"},"modified":"2025-04-08T09:32:01","modified_gmt":"2025-04-08T09:32:01","slug":"profil-de-la-profession-confectionneuse-confectionneur-afp","status":"publish","type":"page","link":"https:\/\/ibbg.ch\/fr\/profil-de-la-profession-confectionneuse-confectionneur-afp\/","title":{"rendered":"Profil de la profession"},"content":{"rendered":"<div class=\"fusion-fullwidth fullwidth-box fusion-builder-row-1 fusion-flex-container has-pattern-background has-mask-background hundred-percent-fullwidth non-hundred-percent-height-scrolling\" style=\"--awb-border-radius-top-left:0px;--awb-border-radius-top-right:0px;--awb-border-radius-bottom-right:0px;--awb-border-radius-bottom-left:0px;--awb-padding-right:5%;--awb-padding-left:5%;--awb-flex-wrap:wrap;\" ><div class=\"fusion-builder-row fusion-row fusion-flex-align-items-flex-start fusion-flex-content-wrap\" style=\"width:104% !important;max-width:104% !important;margin-left: calc(-4% \/ 2 );margin-right: calc(-4% \/ 2 );\"><div class=\"fusion-layout-column fusion_builder_column fusion-builder-column-0 fusion_builder_column_1_1 1_1 fusion-flex-column\" style=\"--awb-bg-size:cover;--awb-width-large:100%;--awb-margin-top-large:0px;--awb-spacing-right-large:1.92%;--awb-margin-bottom-large:20px;--awb-spacing-left-large:1.92%;--awb-width-medium:100%;--awb-order-medium:0;--awb-spacing-right-medium:1.92%;--awb-spacing-left-medium:1.92%;--awb-width-small:100%;--awb-order-small:0;--awb-spacing-right-small:1.92%;--awb-spacing-left-small:1.92%;\"><div class=\"fusion-column-wrapper fusion-column-has-shadow fusion-flex-justify-content-flex-start fusion-content-layout-column\"><div class=\"fusion-title title fusion-title-1 fusion-sep-none fusion-title-text fusion-title-size-one\" style=\"--awb-margin-top-small:10px;--awb-margin-right-small:0px;--awb-margin-bottom-small:10px;--awb-margin-left-small:0px;\"><h1 class=\"fusion-title-heading title-heading-left\" style=\"margin:0;\"><h1>Profil de la profession<\/h1><\/h1><\/div><div class=\"fusion-text fusion-text-1\"><p><strong>Activit\u00e9 professionnelle<br \/>\n<\/strong>Les couturi\u00e8res et couturiers de v\u00eatements de niveau AFP renforcent et fixent les mat\u00e9riaux d\u00e9coup\u00e9s, cousent les pi\u00e8ces ensemble et leur donnent la forme correcte en les repassant.<\/p>\n<p><strong>Travail dans l&rsquo;entreprise<br \/>\n<\/strong>Les couturiers\/couturi\u00e8res de v\u00eatements de niveau AFP sont conscients que les proc\u00e9dures et processus de l&rsquo;entreprise ne fonctionnent que si les collaborateurs organisent leur travail conform\u00e9ment aux r\u00e8gles de l&rsquo;entreprise. En outre, ils organisent leurs propres travaux de mani\u00e8re rationnelle et moderne, conform\u00e9ment aux directives g\u00e9n\u00e9rales et \u00e0 celles de l&rsquo;entreprise. Dans leurs travaux, ils appliquent consciencieusement les prescriptions en mati\u00e8re de protection de l&rsquo;environnement et de la sant\u00e9, de s\u00e9curit\u00e9 au travail et d&rsquo;hygi\u00e8ne.  <\/p>\n<p><strong>Dur\u00e9e et d\u00e9but<br \/>\n<\/strong>La formation professionnelle initiale de couturier\/couturi\u00e8re de v\u00eatements AFP dure 2 ans. Le d\u00e9but de la formation professionnelle initiale d\u00e9pend de l&rsquo;ann\u00e9e scolaire de l&rsquo;\u00e9cole professionnelle comp\u00e9tente.<\/p>\n<\/div><\/div><\/div><\/div><\/div>\n","protected":false},"excerpt":{"rendered":"","protected":false},"author":1,"featured_media":0,"parent":0,"menu_order":0,"comment_status":"closed","ping_status":"closed","template":"100-width.php","meta":{"footnotes":""},"class_list":["post-394","page","type-page","status-publish","hentry"],"_links":{"self":[{"href":"https:\/\/ibbg.ch\/fr\/wp-json\/wp\/v2\/pages\/394","targetHints":{"allow":["GET"]}}],"collection":[{"href":"https:\/\/ibbg.ch\/fr\/wp-json\/wp\/v2\/pages"}],"about":[{"href":"https:\/\/ibbg.ch\/fr\/wp-json\/wp\/v2\/types\/page"}],"author":[{"embeddable":true,"href":"https:\/\/ibbg.ch\/fr\/wp-json\/wp\/v2\/users\/1"}],"replies":[{"embeddable":true,"href":"https:\/\/ibbg.ch\/fr\/wp-json\/wp\/v2\/comments?post=394"}],"version-history":[{"count":3,"href":"https:\/\/ibbg.ch\/fr\/wp-json\/wp\/v2\/pages\/394\/revisions"}],"predecessor-version":[{"id":751,"href":"https:\/\/ibbg.ch\/fr\/wp-json\/wp\/v2\/pages\/394\/revisions\/751"}],"wp:attachment":[{"href":"https:\/\/ibbg.ch\/fr\/wp-json\/wp\/v2\/media?parent=394"}],"curies":[{"name":"wp","href":"https:\/\/api.w.org\/{rel}","templated":true}]}}

<div class="fusion-fullwidth fullwidth-box fusion-builder-row-1 fusion-flex-container has-pattern-background has-mask-background hundred-percent-fullwidth non-hundred-percent-height-scrolling" style="--awb-border-radius-top-left:0px;--awb-border-radius-top-right:0px;--awb-border-radius-bottom-right:0px;--awb-border-radius-bottom-left:0px;--awb-padding-right:5%;--awb-padding-left:5%;--awb-flex-wrap:wrap;" ><div class="fusion-builder-row fusion-row fusion-flex-align-items-flex-start fusion-flex-content-wrap" style="width:104% !important;max-width:104% !important;margin-left: calc(-4% / 2 );margin-right: calc(-4% / 2 );"><div class="fusion-layout-column fusion_builder_column fusion-builder-column-0 fusion_builder_column_1_1 1_1 fusion-flex-column" style="--awb-bg-size:cover;--awb-width-large:100%;--awb-margin-top-large:0px;--awb-spacing-right-large:1.92%;--awb-margin-bottom-large:20px;--awb-spacing-left-large:1.92%;--awb-width-medium:100%;--awb-order-medium:0;--awb-spacing-right-medium:1.92%;--awb-spacing-left-medium:1.92%;--awb-width-small:100%;--awb-order-small:0;--awb-spacing-right-small:1.92%;--awb-spacing-left-small:1.92%;"><div class="fusion-column-wrapper fusion-column-has-shadow fusion-flex-justify-content-flex-start fusion-content-layout-column"><div class="fusion-title title fusion-title-1 fusion-sep-none fusion-title-text fusion-title-size-one" style="--awb-margin-top-small:10px;--awb-margin-right-small:0px;--awb-margin-bottom-small:10px;--awb-margin-left-small:0px;"><h1 class="fusion-title-heading title-heading-left" style="margin:0;"><h1>Profil de la profession</h1></h1></div><div class="fusion-text fusion-text-1"><p><strong>Activité professionnelle<br />
</strong>Les couturières et couturiers de vêtements de niveau AFP renforcent et fixent les matériaux découpés, cousent les pièces ensemble et leur donnent la forme correcte en les repassant.</p>
<p><strong>Travail dans l&rsquo;entreprise<br />
</strong>Les couturiers/couturières de vêtements de niveau AFP sont conscients que les procédures et processus de l&rsquo;entreprise ne fonctionnent que si les collaborateurs organisent leur travail conformément aux règles de l&rsquo;entreprise. En outre, ils organisent leurs propres travaux de manière rationnelle et moderne, conformément aux directives générales et à celles de l&rsquo;entreprise. Dans leurs travaux, ils appliquent consciencieusement les prescriptions en matière de protection de l&rsquo;environnement et de la santé, de sécurité au travail et d&rsquo;hygiène.  </p>
<p><strong>Durée et début<br />
</strong>La formation professionnelle initiale de couturier/couturière de vêtements AFP dure 2 ans. Le début de la formation professionnelle initiale dépend de l&rsquo;année scolaire de l&rsquo;école professionnelle compétente.</p>
</div></div></div></div></div>
