{"id":376,"date":"2025-03-23T09:30:22","date_gmt":"2025-03-23T09:30:22","guid":{"rendered":"https:\/\/ibbg.ch.hira.ch-meta.net\/cours-interentreprises\/"},"modified":"2025-04-08T09:23:02","modified_gmt":"2025-04-08T09:23:02","slug":"cours-interentreprises","status":"publish","type":"page","link":"https:\/\/ibbg.ch\/fr\/cours-interentreprises\/","title":{"rendered":"Cours interentreprises"},"content":{"rendered":"<div class=\"fusion-fullwidth fullwidth-box fusion-builder-row-1 fusion-flex-container has-pattern-background has-mask-background hundred-percent-fullwidth non-hundred-percent-height-scrolling\" style=\"--awb-border-radius-top-left:0px;--awb-border-radius-top-right:0px;--awb-border-radius-bottom-right:0px;--awb-border-radius-bottom-left:0px;--awb-padding-right:5%;--awb-padding-left:5%;--awb-flex-wrap:wrap;\" ><div class=\"fusion-builder-row fusion-row fusion-flex-align-items-flex-start fusion-flex-content-wrap\" style=\"width:104% !important;max-width:104% !important;margin-left: calc(-4% \/ 2 );margin-right: calc(-4% \/ 2 );\"><div class=\"fusion-layout-column fusion_builder_column fusion-builder-column-0 fusion_builder_column_1_1 1_1 fusion-flex-column\" style=\"--awb-bg-size:cover;--awb-width-large:100%;--awb-margin-top-large:0px;--awb-spacing-right-large:1.92%;--awb-margin-bottom-large:20px;--awb-spacing-left-large:1.92%;--awb-width-medium:100%;--awb-order-medium:0;--awb-spacing-right-medium:1.92%;--awb-spacing-left-medium:1.92%;--awb-width-small:100%;--awb-order-small:0;--awb-spacing-right-small:1.92%;--awb-spacing-left-small:1.92%;\"><div class=\"fusion-column-wrapper fusion-column-has-shadow fusion-flex-justify-content-flex-start fusion-content-layout-column\"><div class=\"fusion-title title fusion-title-1 fusion-sep-none fusion-title-text fusion-title-size-one\" style=\"--awb-margin-top-small:10px;--awb-margin-right-small:0px;--awb-margin-bottom-small:10px;--awb-margin-left-small:0px;\"><h1 class=\"fusion-title-heading title-heading-left\" style=\"margin:0;\"><h1>Cours interentreprises<\/h1><\/h1><\/div><div class=\"fusion-text fusion-text-1\"><p>Les cours interentreprises comprennent 25 jours de huit heures. Les th\u00e8mes suivants sont enseign\u00e9s dans les diff\u00e9rents domaines de sp\u00e9cialisation : <\/p>\n<p><strong>Sp\u00e9cialit\u00e9s : v\u00eatements pour femmes, v\u00eatements pour hommes et v\u00eatements de travail et de protection<br \/>\n<\/strong><\/p>\n<ul>\n<li>Fabrication de v\u00eatements (introduction), 5 jours<\/li>\n<li>Fabrication de v\u00eatements (travaux partiels jupe et pantalon), 6 jours<\/li>\n<li>Fabrication de v\u00eatements (travaux partiels chemise ou chemisier), 5 jours<\/li>\n<li>Fabrication de v\u00eatements (travaux partiels de veston et de blazer), 5 jours<\/li>\n<li>Fabrication de v\u00eatements (techniques de couture), 4 jours<\/li>\n<li>Assurer la s\u00e9curit\u00e9 au travail, la protection de la sant\u00e9 et la protection de l&rsquo;environnement (est abord\u00e9 dans tous les cours)<\/li>\n<\/ul>\n<p><strong>Accent sur les v\u00eatements en fourrure<\/strong><\/p>\n<ul>\n<li>Fabrication de v\u00eatements (introduction), 5 jours<\/li>\n<li>Introduction \u00e0 la fourrure, 4 jours<\/li>\n<li>Fabrication d&rsquo;accessoires, 5 jours<\/li>\n<li>Changement de surface, 5 jours<\/li>\n<li>Traitement des surfaces avec incision, 4 jours<\/li>\n<li>Connaissance de la fourrure II, 2 jours<\/li>\n<li>Assurer la s\u00e9curit\u00e9 au travail, la protection de la sant\u00e9 et la protection de l&rsquo;environnement (est abord\u00e9 dans tous les cours)<\/li>\n<\/ul>\n<p><strong>Accent sur les couvre-chefs<\/strong><\/p>\n<ul>\n<li>Fabrication de v\u00eatements (introduction), 5 jours<\/li>\n<li>Fabrication de v\u00eatements (travaux partiels de coiffure), 16 jours<\/li>\n<li>Fabrication de v\u00eatements (techniques de couture), 4 jours<\/li>\n<li>Assurer la s\u00e9curit\u00e9 au travail, la protection de la sant\u00e9 et la protection de l&rsquo;environnement (est abord\u00e9 dans tous les cours)<\/li>\n<\/ul>\n<p>Il n&rsquo;y a plus de cours interentreprises au dernier semestre de la formation professionnelle initiale.<\/p>\n<\/div><\/div><\/div><\/div><\/div>\n","protected":false},"excerpt":{"rendered":"","protected":false},"author":1,"featured_media":0,"parent":0,"menu_order":0,"comment_status":"closed","ping_status":"closed","template":"100-width.php","meta":{"footnotes":""},"class_list":["post-376","page","type-page","status-publish","hentry"],"_links":{"self":[{"href":"https:\/\/ibbg.ch\/fr\/wp-json\/wp\/v2\/pages\/376","targetHints":{"allow":["GET"]}}],"collection":[{"href":"https:\/\/ibbg.ch\/fr\/wp-json\/wp\/v2\/pages"}],"about":[{"href":"https:\/\/ibbg.ch\/fr\/wp-json\/wp\/v2\/types\/page"}],"author":[{"embeddable":true,"href":"https:\/\/ibbg.ch\/fr\/wp-json\/wp\/v2\/users\/1"}],"replies":[{"embeddable":true,"href":"https:\/\/ibbg.ch\/fr\/wp-json\/wp\/v2\/comments?post=376"}],"version-history":[{"count":3,"href":"https:\/\/ibbg.ch\/fr\/wp-json\/wp\/v2\/pages\/376\/revisions"}],"predecessor-version":[{"id":738,"href":"https:\/\/ibbg.ch\/fr\/wp-json\/wp\/v2\/pages\/376\/revisions\/738"}],"wp:attachment":[{"href":"https:\/\/ibbg.ch\/fr\/wp-json\/wp\/v2\/media?parent=376"}],"curies":[{"name":"wp","href":"https:\/\/api.w.org\/{rel}","templated":true}]}}

<div class="fusion-fullwidth fullwidth-box fusion-builder-row-1 fusion-flex-container has-pattern-background has-mask-background hundred-percent-fullwidth non-hundred-percent-height-scrolling" style="--awb-border-radius-top-left:0px;--awb-border-radius-top-right:0px;--awb-border-radius-bottom-right:0px;--awb-border-radius-bottom-left:0px;--awb-padding-right:5%;--awb-padding-left:5%;--awb-flex-wrap:wrap;" ><div class="fusion-builder-row fusion-row fusion-flex-align-items-flex-start fusion-flex-content-wrap" style="width:104% !important;max-width:104% !important;margin-left: calc(-4% / 2 );margin-right: calc(-4% / 2 );"><div class="fusion-layout-column fusion_builder_column fusion-builder-column-0 fusion_builder_column_1_1 1_1 fusion-flex-column" style="--awb-bg-size:cover;--awb-width-large:100%;--awb-margin-top-large:0px;--awb-spacing-right-large:1.92%;--awb-margin-bottom-large:20px;--awb-spacing-left-large:1.92%;--awb-width-medium:100%;--awb-order-medium:0;--awb-spacing-right-medium:1.92%;--awb-spacing-left-medium:1.92%;--awb-width-small:100%;--awb-order-small:0;--awb-spacing-right-small:1.92%;--awb-spacing-left-small:1.92%;"><div class="fusion-column-wrapper fusion-column-has-shadow fusion-flex-justify-content-flex-start fusion-content-layout-column"><div class="fusion-title title fusion-title-1 fusion-sep-none fusion-title-text fusion-title-size-one" style="--awb-margin-top-small:10px;--awb-margin-right-small:0px;--awb-margin-bottom-small:10px;--awb-margin-left-small:0px;"><h1 class="fusion-title-heading title-heading-left" style="margin:0;"><h1>Cours interentreprises</h1></h1></div><div class="fusion-text fusion-text-1"><p>Les cours interentreprises comprennent 25 jours de huit heures. Les thèmes suivants sont enseignés dans les différents domaines de spécialisation : </p>
<p><strong>Spécialités : vêtements pour femmes, vêtements pour hommes et vêtements de travail et de protection<br />
</strong></p>
<ul>
<li>Fabrication de vêtements (introduction), 5 jours</li>
<li>Fabrication de vêtements (travaux partiels jupe et pantalon), 6 jours</li>
<li>Fabrication de vêtements (travaux partiels chemise ou chemisier), 5 jours</li>
<li>Fabrication de vêtements (travaux partiels de veston et de blazer), 5 jours</li>
<li>Fabrication de vêtements (techniques de couture), 4 jours</li>
<li>Assurer la sécurité au travail, la protection de la santé et la protection de l&rsquo;environnement (est abordé dans tous les cours)</li>
</ul>
<p><strong>Accent sur les vêtements en fourrure</strong></p>
<ul>
<li>Fabrication de vêtements (introduction), 5 jours</li>
<li>Introduction à la fourrure, 4 jours</li>
<li>Fabrication d&rsquo;accessoires, 5 jours</li>
<li>Changement de surface, 5 jours</li>
<li>Traitement des surfaces avec incision, 4 jours</li>
<li>Connaissance de la fourrure II, 2 jours</li>
<li>Assurer la sécurité au travail, la protection de la santé et la protection de l&rsquo;environnement (est abordé dans tous les cours)</li>
</ul>
<p><strong>Accent sur les couvre-chefs</strong></p>
<ul>
<li>Fabrication de vêtements (introduction), 5 jours</li>
<li>Fabrication de vêtements (travaux partiels de coiffure), 16 jours</li>
<li>Fabrication de vêtements (techniques de couture), 4 jours</li>
<li>Assurer la sécurité au travail, la protection de la santé et la protection de l&rsquo;environnement (est abordé dans tous les cours)</li>
</ul>
<p>Il n&rsquo;y a plus de cours interentreprises au dernier semestre de la formation professionnelle initiale.</p>
</div></div></div></div></div>
