{"id":368,"date":"2025-03-23T09:26:10","date_gmt":"2025-03-23T09:26:10","guid":{"rendered":"https:\/\/ibbg.ch.hira.ch-meta.net\/profil-de-la-profession\/"},"modified":"2025-04-08T08:55:55","modified_gmt":"2025-04-08T08:55:55","slug":"profil-de-la-profession","status":"publish","type":"page","link":"https:\/\/ibbg.ch\/fr\/profil-de-la-profession\/","title":{"rendered":"Profil de la profession"},"content":{"rendered":"<div class=\"fusion-fullwidth fullwidth-box fusion-builder-row-1 fusion-flex-container has-pattern-background has-mask-background hundred-percent-fullwidth non-hundred-percent-height-scrolling\" style=\"--awb-border-radius-top-left:0px;--awb-border-radius-top-right:0px;--awb-border-radius-bottom-right:0px;--awb-border-radius-bottom-left:0px;--awb-padding-right:5%;--awb-padding-left:5%;--awb-flex-wrap:wrap;\" ><div class=\"fusion-builder-row fusion-row fusion-flex-align-items-flex-start fusion-flex-content-wrap\" style=\"width:104% !important;max-width:104% !important;margin-left: calc(-4% \/ 2 );margin-right: calc(-4% \/ 2 );\"><div class=\"fusion-layout-column fusion_builder_column fusion-builder-column-0 fusion_builder_column_1_1 1_1 fusion-flex-column\" style=\"--awb-bg-size:cover;--awb-width-large:100%;--awb-margin-top-large:0px;--awb-spacing-right-large:1.92%;--awb-margin-bottom-large:20px;--awb-spacing-left-large:1.92%;--awb-width-medium:100%;--awb-order-medium:0;--awb-spacing-right-medium:1.92%;--awb-spacing-left-medium:1.92%;--awb-width-small:100%;--awb-order-small:0;--awb-spacing-right-small:1.92%;--awb-spacing-left-small:1.92%;\"><div class=\"fusion-column-wrapper fusion-column-has-shadow fusion-flex-justify-content-flex-start fusion-content-layout-column\"><div class=\"fusion-title title fusion-title-1 fusion-sep-none fusion-title-text fusion-title-size-one\" style=\"--awb-margin-top-small:10px;--awb-margin-right-small:0px;--awb-margin-bottom-small:10px;--awb-margin-left-small:0px;\"><h1 class=\"fusion-title-heading title-heading-left\" style=\"margin:0;\"><h1>Profil de la profession<\/h1><\/h1><\/div><div class=\"fusion-text fusion-text-1\"><p>Les origines de l&rsquo;apprentissage du m\u00e9tier de cr\u00e9ateur de v\u00eatements remontent au 12e si\u00e8cle. En France, on connaissait d\u00e9j\u00e0 \u00e0 cette \u00e9poque les m\u00e9tiers de tailleur et de couturier. Avec le d\u00e9veloppement de la machine \u00e0 coudre en 1830, le prestige de la profession s&rsquo;est accru. Dans les ann\u00e9es 1880-1920, la Suisse est devenue une m\u00e9tropole pour les tissus de couture et les broderies. Ce fut \u00e9galement l&rsquo;\u00e2ge d&rsquo;or de la couture en Suisse. Les changements technologiques et sociaux ont beaucoup modifi\u00e9 le profil et les exigences de la profession. Dans le cadre de la mondialisation, une grande partie de la production s&rsquo;est d\u00e9plac\u00e9e vers d&rsquo;autres r\u00e9gions du monde (par exemple l&rsquo;Asie). En revanche, les fonctions \u00e0 valeur ajout\u00e9e telles que le design ou la technique de coupe sont rest\u00e9es en Suisse.       <\/p>\n<p>La profession, ainsi que l&rsquo;artisanat cr\u00e9atif qui lui est \u00e9troitement li\u00e9, est non seulement profond\u00e9ment et \u00e9troitement li\u00e9e \u00e0 la culture et \u00e0 l&rsquo;histoire de la Suisse, mais elle est \u00e9galement toujours tr\u00e8s appr\u00e9ci\u00e9e.<\/p>\n<p>Aujourd&rsquo;hui, les quelque 800 apprentis cr\u00e9ateurs de v\u00eatements doivent non seulement avoir le sens des couleurs et des formes, de l&rsquo;imagination, de la fantaisie et de l&rsquo;habilet\u00e9 manuelle, mais aussi des comp\u00e9tences sociales, linguistiques et de gestion. L&rsquo;utilisation des technologies modernes et des syst\u00e8mes de CAO, ainsi que la capacit\u00e9 \u00e0 pr\u00e9senter et \u00e0 commercialiser les services ou les produits font \u00e9galement partie des comp\u00e9tences requises. <\/p>\n<p>Si l&rsquo;on consid\u00e8re le m\u00e9tier de cr\u00e9ateur de v\u00eatements de mani\u00e8re diff\u00e9renci\u00e9e, on y trouve les secteurs de l&rsquo;habillement f\u00e9minin et masculin, mais aussi les chapeliers, les fourreurs et les v\u00eatements professionnels et de protection.<\/p>\n<p><strong>Mode<br \/>\n<\/strong>Les cr\u00e9ateurs de v\u00eatements de niveau CFC ont un excellent sens des nouvelles tendances de la mode avec les formes et les couleurs qui y sont associ\u00e9es. Ils les mettent habilement en relation avec diff\u00e9rents types de clients en utilisant des sources d&rsquo;information appropri\u00e9es. Ils transforment les diff\u00e9rents mat\u00e9riaux en produits de haute qualit\u00e9 et convaincants par la coupe, la couture, la fixation, le repassage, le dressage et la vaporisation.  <\/p>\n<p><strong>Relations avec les clients<br \/>\n<\/strong>Outre les diff\u00e9rentes comp\u00e9tences artisanales, le travail avec les clients n&rsquo;est pas n\u00e9glig\u00e9. Les cr\u00e9ateurs de v\u00eatements analysent les souhaits et les besoins des clients et \u00e9laborent des propositions convaincantes. En outre, ils conseillent les clients de mani\u00e8re professionnelle sur l&rsquo;ex\u00e9cution, la qualit\u00e9 et l&rsquo;entretien du produit. Le travail des clients comprend \u00e9galement l&rsquo;essayage des v\u00eatements, le contr\u00f4le de la qualit\u00e9 et, si n\u00e9cessaire, les ajustements n\u00e9cessaires.   <\/p>\n<p><strong>Travail dans l&rsquo;entreprise<br \/>\n<\/strong>Les proc\u00e9dures et processus de l&rsquo;entreprise ne fonctionnent que si les collaborateurs organisent leur travail de mani\u00e8re adapt\u00e9e \u00e0 l&rsquo;entreprise. Cela implique d&rsquo;organiser ses propres travaux de mani\u00e8re rationnelle et moderne, mais aussi de traiter les co\u00fbts occasionn\u00e9s dans l&rsquo;entreprise par des calculs simples. Tous les travaux tiennent compte des prescriptions en mati\u00e8re de protection de l&rsquo;environnement, de protection de la sant\u00e9, de s\u00e9curit\u00e9 au travail et d&rsquo;hygi\u00e8ne et sont appliqu\u00e9s consciencieusement.  <\/p>\n<p><strong>Les cinq domaines d&rsquo;expertise<br \/>\n<\/strong>Au sein de la profession de cr\u00e9ateur de v\u00eatements de niveau CFC, il existe les cinq domaines d&rsquo;expertise suivants : V\u00eatements pour femmes, V\u00eatements pour hommes, V\u00eatements en fourrure, Coiffure et V\u00eatements professionnels et de protection. L&rsquo;orientation est d\u00e9termin\u00e9e avant le d\u00e9but de la formation professionnelle initiale et est mentionn\u00e9e dans le contrat d&rsquo;apprentissage. <\/p>\n<p><strong>Dur\u00e9e et d\u00e9but<br \/>\n<\/strong>Le d\u00e9but de la formation professionnelle initiale de trois ans d\u00e9pend de l&rsquo;ann\u00e9e scolaire de l&rsquo;\u00e9cole professionnelle comp\u00e9tente. Pour les titulaires d&rsquo;une attestation f\u00e9d\u00e9rale de formation professionnelle de couturi\u00e8re ou de couturier en habillement AFP, la premi\u00e8re ann\u00e9e de la formation professionnelle initiale peut \u00eatre prise en compte. Les autorit\u00e9s cantonales de surveillance de l&rsquo;apprentissage sont comp\u00e9tentes en la mati\u00e8re.<\/p>\n<\/div><\/div><\/div><\/div><\/div>\n","protected":false},"excerpt":{"rendered":"","protected":false},"author":1,"featured_media":0,"parent":0,"menu_order":0,"comment_status":"closed","ping_status":"closed","template":"100-width.php","meta":{"footnotes":""},"class_list":["post-368","page","type-page","status-publish","hentry"],"_links":{"self":[{"href":"https:\/\/ibbg.ch\/fr\/wp-json\/wp\/v2\/pages\/368","targetHints":{"allow":["GET"]}}],"collection":[{"href":"https:\/\/ibbg.ch\/fr\/wp-json\/wp\/v2\/pages"}],"about":[{"href":"https:\/\/ibbg.ch\/fr\/wp-json\/wp\/v2\/types\/page"}],"author":[{"embeddable":true,"href":"https:\/\/ibbg.ch\/fr\/wp-json\/wp\/v2\/users\/1"}],"replies":[{"embeddable":true,"href":"https:\/\/ibbg.ch\/fr\/wp-json\/wp\/v2\/comments?post=368"}],"version-history":[{"count":3,"href":"https:\/\/ibbg.ch\/fr\/wp-json\/wp\/v2\/pages\/368\/revisions"}],"predecessor-version":[{"id":702,"href":"https:\/\/ibbg.ch\/fr\/wp-json\/wp\/v2\/pages\/368\/revisions\/702"}],"wp:attachment":[{"href":"https:\/\/ibbg.ch\/fr\/wp-json\/wp\/v2\/media?parent=368"}],"curies":[{"name":"wp","href":"https:\/\/api.w.org\/{rel}","templated":true}]}}

<div class="fusion-fullwidth fullwidth-box fusion-builder-row-1 fusion-flex-container has-pattern-background has-mask-background hundred-percent-fullwidth non-hundred-percent-height-scrolling" style="--awb-border-radius-top-left:0px;--awb-border-radius-top-right:0px;--awb-border-radius-bottom-right:0px;--awb-border-radius-bottom-left:0px;--awb-padding-right:5%;--awb-padding-left:5%;--awb-flex-wrap:wrap;" ><div class="fusion-builder-row fusion-row fusion-flex-align-items-flex-start fusion-flex-content-wrap" style="width:104% !important;max-width:104% !important;margin-left: calc(-4% / 2 );margin-right: calc(-4% / 2 );"><div class="fusion-layout-column fusion_builder_column fusion-builder-column-0 fusion_builder_column_1_1 1_1 fusion-flex-column" style="--awb-bg-size:cover;--awb-width-large:100%;--awb-margin-top-large:0px;--awb-spacing-right-large:1.92%;--awb-margin-bottom-large:20px;--awb-spacing-left-large:1.92%;--awb-width-medium:100%;--awb-order-medium:0;--awb-spacing-right-medium:1.92%;--awb-spacing-left-medium:1.92%;--awb-width-small:100%;--awb-order-small:0;--awb-spacing-right-small:1.92%;--awb-spacing-left-small:1.92%;"><div class="fusion-column-wrapper fusion-column-has-shadow fusion-flex-justify-content-flex-start fusion-content-layout-column"><div class="fusion-title title fusion-title-1 fusion-sep-none fusion-title-text fusion-title-size-one" style="--awb-margin-top-small:10px;--awb-margin-right-small:0px;--awb-margin-bottom-small:10px;--awb-margin-left-small:0px;"><h1 class="fusion-title-heading title-heading-left" style="margin:0;"><h1>Profil de la profession</h1></h1></div><div class="fusion-text fusion-text-1"><p>Les origines de l&rsquo;apprentissage du métier de créateur de vêtements remontent au 12e siècle. En France, on connaissait déjà à cette époque les métiers de tailleur et de couturier. Avec le développement de la machine à coudre en 1830, le prestige de la profession s&rsquo;est accru. Dans les années 1880-1920, la Suisse est devenue une métropole pour les tissus de couture et les broderies. Ce fut également l&rsquo;âge d&rsquo;or de la couture en Suisse. Les changements technologiques et sociaux ont beaucoup modifié le profil et les exigences de la profession. Dans le cadre de la mondialisation, une grande partie de la production s&rsquo;est déplacée vers d&rsquo;autres régions du monde (par exemple l&rsquo;Asie). En revanche, les fonctions à valeur ajoutée telles que le design ou la technique de coupe sont restées en Suisse.       </p>
<p>La profession, ainsi que l&rsquo;artisanat créatif qui lui est étroitement lié, est non seulement profondément et étroitement liée à la culture et à l&rsquo;histoire de la Suisse, mais elle est également toujours très appréciée.</p>
<p>Aujourd&rsquo;hui, les quelque 800 apprentis créateurs de vêtements doivent non seulement avoir le sens des couleurs et des formes, de l&rsquo;imagination, de la fantaisie et de l&rsquo;habileté manuelle, mais aussi des compétences sociales, linguistiques et de gestion. L&rsquo;utilisation des technologies modernes et des systèmes de CAO, ainsi que la capacité à présenter et à commercialiser les services ou les produits font également partie des compétences requises. </p>
<p>Si l&rsquo;on considère le métier de créateur de vêtements de manière différenciée, on y trouve les secteurs de l&rsquo;habillement féminin et masculin, mais aussi les chapeliers, les fourreurs et les vêtements professionnels et de protection.</p>
<p><strong>Mode<br />
</strong>Les créateurs de vêtements de niveau CFC ont un excellent sens des nouvelles tendances de la mode avec les formes et les couleurs qui y sont associées. Ils les mettent habilement en relation avec différents types de clients en utilisant des sources d&rsquo;information appropriées. Ils transforment les différents matériaux en produits de haute qualité et convaincants par la coupe, la couture, la fixation, le repassage, le dressage et la vaporisation.  </p>
<p><strong>Relations avec les clients<br />
</strong>Outre les différentes compétences artisanales, le travail avec les clients n&rsquo;est pas négligé. Les créateurs de vêtements analysent les souhaits et les besoins des clients et élaborent des propositions convaincantes. En outre, ils conseillent les clients de manière professionnelle sur l&rsquo;exécution, la qualité et l&rsquo;entretien du produit. Le travail des clients comprend également l&rsquo;essayage des vêtements, le contrôle de la qualité et, si nécessaire, les ajustements nécessaires.   </p>
<p><strong>Travail dans l&rsquo;entreprise<br />
</strong>Les procédures et processus de l&rsquo;entreprise ne fonctionnent que si les collaborateurs organisent leur travail de manière adaptée à l&rsquo;entreprise. Cela implique d&rsquo;organiser ses propres travaux de manière rationnelle et moderne, mais aussi de traiter les coûts occasionnés dans l&rsquo;entreprise par des calculs simples. Tous les travaux tiennent compte des prescriptions en matière de protection de l&rsquo;environnement, de protection de la santé, de sécurité au travail et d&rsquo;hygiène et sont appliqués consciencieusement.  </p>
<p><strong>Les cinq domaines d&rsquo;expertise<br />
</strong>Au sein de la profession de créateur de vêtements de niveau CFC, il existe les cinq domaines d&rsquo;expertise suivants : Vêtements pour femmes, Vêtements pour hommes, Vêtements en fourrure, Coiffure et Vêtements professionnels et de protection. L&rsquo;orientation est déterminée avant le début de la formation professionnelle initiale et est mentionnée dans le contrat d&rsquo;apprentissage. </p>
<p><strong>Durée et début<br />
</strong>Le début de la formation professionnelle initiale de trois ans dépend de l&rsquo;année scolaire de l&rsquo;école professionnelle compétente. Pour les titulaires d&rsquo;une attestation fédérale de formation professionnelle de couturière ou de couturier en habillement AFP, la première année de la formation professionnelle initiale peut être prise en compte. Les autorités cantonales de surveillance de l&rsquo;apprentissage sont compétentes en la matière.</p>
</div></div></div></div></div>
