{"id":347,"date":"2025-03-23T09:06:54","date_gmt":"2025-03-23T09:06:54","guid":{"rendered":"https:\/\/ibbg.ch.hira.ch-meta.net\/organisme-responsable\/"},"modified":"2025-06-24T09:21:29","modified_gmt":"2025-06-24T09:21:29","slug":"organisme-responsable","status":"publish","type":"page","link":"https:\/\/ibbg.ch\/fr\/organisme-responsable\/","title":{"rendered":"Organisme responsable"},"content":{"rendered":"<div class=\"fusion-fullwidth fullwidth-box fusion-builder-row-1 fusion-flex-container has-pattern-background has-mask-background hundred-percent-fullwidth non-hundred-percent-height-scrolling\" style=\"--awb-border-radius-top-left:0px;--awb-border-radius-top-right:0px;--awb-border-radius-bottom-right:0px;--awb-border-radius-bottom-left:0px;--awb-padding-right:5%;--awb-padding-left:5%;--awb-flex-wrap:wrap;\" ><div class=\"fusion-builder-row fusion-row fusion-flex-align-items-flex-start fusion-flex-content-wrap\" style=\"width:104% !important;max-width:104% !important;margin-left: calc(-4% \/ 2 );margin-right: calc(-4% \/ 2 );\"><div class=\"fusion-layout-column fusion_builder_column fusion-builder-column-0 fusion-flex-column\" style=\"--awb-bg-size:cover;--awb-width-large:100%;--awb-margin-top-large:0px;--awb-spacing-right-large:1.92%;--awb-margin-bottom-large:20px;--awb-spacing-left-large:1.92%;--awb-width-medium:100%;--awb-order-medium:0;--awb-spacing-right-medium:1.92%;--awb-spacing-left-medium:1.92%;--awb-width-small:100%;--awb-order-small:0;--awb-spacing-right-small:1.92%;--awb-spacing-left-small:1.92%;\" data-scroll-devices=\"small-visibility,medium-visibility,large-visibility\"><div class=\"fusion-column-wrapper fusion-column-has-shadow fusion-flex-justify-content-flex-start fusion-content-layout-column\"><div class=\"fusion-title title fusion-title-1 fusion-sep-none fusion-title-text fusion-title-size-one\" style=\"--awb-margin-top-small:10px;--awb-margin-right-small:0px;--awb-margin-bottom-small:10px;--awb-margin-left-small:0px;\"><h1 class=\"fusion-title-heading title-heading-left\" style=\"margin:0;\"><h1><span id=\"dnn_ctr3981_dnnTITLE_titleLabel\" class=\"Head\">Organismes responsables<\/span><\/h1><\/h1><\/div><div class=\"fusion-text fusion-text-1\"><p>Les organisations du monde du travail suivantes sont \u00e0 l&rsquo;origine de l&rsquo;association IBBG :<\/p>\n<p><strong>SWISSMODE &#8211; Association suisse de l&rsquo;habillement<br \/>\n<\/strong>C&rsquo;est la nouvelle d\u00e9nomination de l&rsquo;association des ma\u00eetres tailleurs CSS, qui existe depuis 110 ans. D\u00e8s le printemps 2018, la jeune association SwissMode (Association professionnelle suisse pour la cr\u00e9ation de v\u00eatements, sp\u00e9cialis\u00e9e dans les v\u00eatements pour femmes) et l&rsquo;association SwissCouture (Association pour les championnats professionnels des cr\u00e9ateurs de v\u00eatements) ont \u00e9galement \u00e9t\u00e9 int\u00e9gr\u00e9es. <\/p>\n<p>SWISSMODE se consacre avec un engagement particulier \u00e0 la promotion de la formation professionnelle initiale et continue afin de garantir \u00e0 long terme la profession ainsi que le site d&rsquo;innovation et de production suisse. Cela permet d&rsquo;assurer une rel\u00e8ve qualifi\u00e9e et une formation initiale et continue de qualit\u00e9, adapt\u00e9e aux besoins actuels. <\/p>\n<p>Au sein de la CIFC (Communaut\u00e9 d&rsquo;int\u00e9r\u00eats pour la formation professionnelle des cr\u00e9ateurs de v\u00eatements), SWISSMODE est l&rsquo;organisme responsable des sp\u00e9cialisations en v\u00eatements pour femmes et pour hommes. Avec environ 900 contrats d&rsquo;apprentissage, il s&rsquo;agit de la plus grande profession textile form\u00e9e en Suisse. <\/p>\n<p>Les cr\u00e9ateurs de v\u00eatements form\u00e9s poursuivent apr\u00e8s leur formation des carri\u00e8res dans la couture, le th\u00e9\u00e2tre, l&rsquo;industrie du textile et de l&rsquo;habillement, le fashion design ou le commerce textile. Ils sont donc un soutien important pour la sauvegarde du savoir-faire textile dans un march\u00e9 du travail qui emploie plus de 18 000 personnes en Suisse. <\/p>\n<p>SWISSMODE dispose en outre d&rsquo;un tr\u00e8s bon r\u00e9seau international depuis de nombreuses ann\u00e9es et est r\u00e9guli\u00e8rement repr\u00e9sent\u00e9e aux congr\u00e8s europ\u00e9ens et mondiaux (European Master Tailor Congress EMTC, World Master Tailor Congress WMTC). Il en a r\u00e9sult\u00e9 un r\u00e9seau important dans notre secteur, au-del\u00e0 des fronti\u00e8res nationales. <\/p>\n<p><strong>Association suisse des modistes (ASM)<br \/>\n<\/strong><a href=\"https:\/\/www.berufsverband-modistinnen.ch\/\" target=\"_blank\" rel=\"noopener\">L&rsquo;Association suisse des modistes (ASM)<\/a> est une association professionnelle fond\u00e9e en 1963. Ses membres sont des cr\u00e9ateurs de v\u00eatements\/sp\u00e9cialis\u00e9s dans la modisterie, des fabricants de chapeaux, des magasins de chapeaux, des membres passifs et des sponsors. <\/p>\n<p>En g\u00e9n\u00e9ral, l&rsquo;USDAM a pour but de pr\u00e9server et de promouvoir les int\u00e9r\u00eats professionnels communs et de cultiver la coll\u00e9gialit\u00e9 en interne, mais aussi avec d&rsquo;autres associations professionnelles. Elle offre en outre une plate-forme d&rsquo;\u00e9changes informatifs et professionnels entre les professionnels. Elle a pour objectif de faire conna\u00eetre le chapeau, de lui donner une place dans la vie quotidienne et de sensibiliser un public plus large \u00e0 ce magnifique m\u00e9tier.  <\/p>\n<p><strong>TICINO MODA<br \/>\n<\/strong> TICINO<a href=\"https:\/\/www.ticinomoda.ch\/\" target=\"_blank\" rel=\"noopener\">MODA<\/a> est l&rsquo;association des fabricants de v\u00eatements du canton du Tessin. En tant que membre de la F\u00e9d\u00e9ration Textile Suisse (FTS) et de la Chambre d&rsquo;Industrie et d&rsquo;Artisanat du Canton du Tessin, TICINO MODA a pour mission de promouvoir l&rsquo;industrie de l&rsquo;habillement ainsi que les activit\u00e9s connexes dans les domaines de la logistique et de la distribution, et de soutenir les entreprises membres. <\/p>\n<p>TICINO MODA s&rsquo;engage dans la formation professionnelle par le biais de STA, l&rsquo;\u00e9cole technique de l&rsquo;habillement et de la mode, qui propose des cours dipl\u00f4mants en Clothing Technical Engineering et en design de mode ainsi qu&rsquo;un cours post-dipl\u00f4me certifi\u00e9 en patrons, techniques de style et de collection. En outre, TICINO MODA encourage la formation interne et la formation continue par le biais de la SIMA. Les deux organisations (STA et SIMA) ont \u00e9t\u00e9 cr\u00e9\u00e9es avec le soutien de l&rsquo;AFRA.  <\/p>\n<p>Le Tessin, \u00e9galement connu sous le nom de Fashion Valley, est un lieu attractif pour les grandes maisons de mode internationales et offre un environnement \u00e9conomique id\u00e9al pour le d\u00e9veloppement de produits, la production et la logistique. En collaboration avec l&rsquo;industrie locale de l&rsquo;habillement et de la mode, l&rsquo;AFRA apporte une contribution importante au soutien du canton du Tessin en faisant du Tessin une Fashion Valley, gr\u00e2ce \u00e0 sa situation privil\u00e9gi\u00e9e et \u00e0 son image unique. L&rsquo;industrie de l&rsquo;habillement du canton du Tessin, orient\u00e9e vers l&rsquo;exportation, se concentre sur les produits textiles innovants, la mode de luxe et les employ\u00e9s qualifi\u00e9s. La Fashion Valley soutient l&rsquo;ensemble de la r\u00e9gion, y compris les secteurs du transport et de la distribution, de la banque et de la logistique, ainsi que d&rsquo;autres entreprises et services. Gr\u00e2ce \u00e0 l&rsquo;engagement continu de TICINO MODA, la Fashion Valley est en pleine expansion.    <\/p>\n<p><strong>Ecole Suisse du Textile (STF)<\/strong><br \/>\nFond\u00e9e en 1881, l&rsquo;Ecole Suisse du Textile est aujourd&rsquo;hui encore organis\u00e9e sous forme de coop\u00e9rative et b\u00e9n\u00e9ficie d&rsquo;un soutien important de la part des entreprises de production de l&rsquo;industrie du textile et de l&rsquo;habillement, des associations concern\u00e9es et du commerce. Les repr\u00e9sentants des coop\u00e9rateurs s&rsquo;engagent dans les organes strat\u00e9giques de la STF et participent \u00e0 la conception d&rsquo;offres de formation initiale et continue orient\u00e9es vers l&rsquo;avenir. En tant que coop\u00e9rative, la STF agit donc dans le sens d&rsquo;une organisation du monde du travail (OrTra) et participe, si n\u00e9cessaire, aux r\u00e9formes des offres de formation pertinentes.  <\/p>\n<p>En tant qu&rsquo;institut de formation et de perfectionnement, la STF g\u00e8re les cursus dans le domaine op\u00e9rationnel. Elle assure la rel\u00e8ve de la main-d&rsquo;\u0153uvre qualifi\u00e9e pour le secteur. La STF doit son succ\u00e8s dans le secteur du textile et de l&rsquo;habillement \u00e0 sa confrontation continue avec le march\u00e9.  <\/p>\n<p>La STF se positionne comme une \u00e9cole sup\u00e9rieure proposant des formations ES reconnues par la Conf\u00e9d\u00e9ration ainsi que des examens professionnels et professionnels sup\u00e9rieurs sp\u00e9cifiques \u00e0 la branche dans le domaine tertiaire non universitaire (tertiaire B). Les fili\u00e8res de formation s&rsquo;appuient sur le niveau secondaire II. Elles sont ax\u00e9es sur des probl\u00e8mes concrets dans les domaines des services, de l&rsquo;entreprise, de l&rsquo;atelier et de la production. Les fili\u00e8res de formation se caract\u00e9risent par une qualification \u00e9lev\u00e9e pour la pratique et une partie th\u00e9orique \u00e9quilibr\u00e9e en cons\u00e9quence. Les objectifs de la formation comprennent la transmission de comp\u00e9tences professionnelles sup\u00e9rieures ainsi que la pr\u00e9paration \u00e0 des fonctions sp\u00e9cialis\u00e9es ou de direction.    <\/p>\n<p><strong>Conf\u00e9rence suisse des directeurs (CSD)<br \/>\n<\/strong>En tant que conf\u00e9rence des directeurs d&rsquo;\u00e9coles professionnelles, la CSD-CSD est active au niveau secondaire II et au niveau tertiaire de formation professionnelle. Elle compte environ 130 membres dans toute la Suisse : \u00e9coles professionnelles, centres d&rsquo;apprentissage, centres de formation et de perfectionnement. Les membres enseignent plus de 200 professions enregistr\u00e9es par le SBFI. Les nombreux d\u00e9l\u00e9gu\u00e9s repr\u00e9sentent la CSD-CSD dans les groupes de travail et les commissions les plus divers des institutions de formation professionnelle.   <\/p>\n<p>La CSD d\u00e9fend les int\u00e9r\u00eats de ses membres dans le cadre du mandat l\u00e9gal et autonome de formation. Elle s&rsquo;occupe de toutes les questions relatives \u00e0 la formation professionnelle, tout en pr\u00e9servant les int\u00e9r\u00eats des \u00e9coles professionnelles et des \u00e9coles sup\u00e9rieures, et garantit leur d\u00e9veloppement continu. Elle encourage l&rsquo;\u00e9change d&rsquo;exp\u00e9riences entre les directeurs d&rsquo;\u00e9cole concernant l&rsquo;enseignement, l&rsquo;organisation, la gestion et le d\u00e9veloppement des \u00e9coles professionnelles, mais aussi leurs objectifs culturels et sociaux. Elle s&rsquo;engage en faveur de la formation continue des directeurs d&rsquo;\u00e9cole, de l&rsquo;\u00e9change d&rsquo;exp\u00e9riences avec d&rsquo;autres institutions de formation et de l&rsquo;\u00e9tude d&rsquo;autres syst\u00e8mes de formation et encourage la formation initiale et continue des enseignants des \u00e9coles professionnelles.    Elle collabore avec la CDIP et la CSFP, le SBFI, l&rsquo;IFFP, le CPS, les OrTra et d&rsquo;autres associations professionnelles et \u00e9conomiques, ainsi qu&rsquo;avec d&rsquo;autres conf\u00e9rences de directeurs d&rsquo;\u00e9cole, les conf\u00e9rences d&rsquo;enseignants et d&rsquo;autres institutions du secteur de l&rsquo;\u00e9ducation.<\/p>\n<\/div><\/div><\/div><\/div><\/div>\n","protected":false},"excerpt":{"rendered":"","protected":false},"author":1,"featured_media":0,"parent":0,"menu_order":0,"comment_status":"closed","ping_status":"closed","template":"100-width.php","meta":{"footnotes":""},"class_list":["post-347","page","type-page","status-publish","hentry"],"_links":{"self":[{"href":"https:\/\/ibbg.ch\/fr\/wp-json\/wp\/v2\/pages\/347","targetHints":{"allow":["GET"]}}],"collection":[{"href":"https:\/\/ibbg.ch\/fr\/wp-json\/wp\/v2\/pages"}],"about":[{"href":"https:\/\/ibbg.ch\/fr\/wp-json\/wp\/v2\/types\/page"}],"author":[{"embeddable":true,"href":"https:\/\/ibbg.ch\/fr\/wp-json\/wp\/v2\/users\/1"}],"replies":[{"embeddable":true,"href":"https:\/\/ibbg.ch\/fr\/wp-json\/wp\/v2\/comments?post=347"}],"version-history":[{"count":5,"href":"https:\/\/ibbg.ch\/fr\/wp-json\/wp\/v2\/pages\/347\/revisions"}],"predecessor-version":[{"id":1086,"href":"https:\/\/ibbg.ch\/fr\/wp-json\/wp\/v2\/pages\/347\/revisions\/1086"}],"wp:attachment":[{"href":"https:\/\/ibbg.ch\/fr\/wp-json\/wp\/v2\/media?parent=347"}],"curies":[{"name":"wp","href":"https:\/\/api.w.org\/{rel}","templated":true}]}}

<div class="fusion-fullwidth fullwidth-box fusion-builder-row-1 fusion-flex-container has-pattern-background has-mask-background hundred-percent-fullwidth non-hundred-percent-height-scrolling" style="--awb-border-radius-top-left:0px;--awb-border-radius-top-right:0px;--awb-border-radius-bottom-right:0px;--awb-border-radius-bottom-left:0px;--awb-padding-right:5%;--awb-padding-left:5%;--awb-flex-wrap:wrap;" ><div class="fusion-builder-row fusion-row fusion-flex-align-items-flex-start fusion-flex-content-wrap" style="width:104% !important;max-width:104% !important;margin-left: calc(-4% / 2 );margin-right: calc(-4% / 2 );"><div class="fusion-layout-column fusion_builder_column fusion-builder-column-0 fusion-flex-column" style="--awb-bg-size:cover;--awb-width-large:100%;--awb-margin-top-large:0px;--awb-spacing-right-large:1.92%;--awb-margin-bottom-large:20px;--awb-spacing-left-large:1.92%;--awb-width-medium:100%;--awb-order-medium:0;--awb-spacing-right-medium:1.92%;--awb-spacing-left-medium:1.92%;--awb-width-small:100%;--awb-order-small:0;--awb-spacing-right-small:1.92%;--awb-spacing-left-small:1.92%;" data-scroll-devices="small-visibility,medium-visibility,large-visibility"><div class="fusion-column-wrapper fusion-column-has-shadow fusion-flex-justify-content-flex-start fusion-content-layout-column"><div class="fusion-title title fusion-title-1 fusion-sep-none fusion-title-text fusion-title-size-one" style="--awb-margin-top-small:10px;--awb-margin-right-small:0px;--awb-margin-bottom-small:10px;--awb-margin-left-small:0px;"><h1 class="fusion-title-heading title-heading-left" style="margin:0;"><h1><span id="dnn_ctr3981_dnnTITLE_titleLabel" class="Head">Organismes responsables</span></h1></h1></div><div class="fusion-text fusion-text-1"><p>Les organisations du monde du travail suivantes sont à l&rsquo;origine de l&rsquo;association IBBG :</p>
<p><strong>SWISSMODE &#8211; Association suisse de l&rsquo;habillement<br />
</strong>C&rsquo;est la nouvelle dénomination de l&rsquo;association des maîtres tailleurs CSS, qui existe depuis 110 ans. Dès le printemps 2018, la jeune association SwissMode (Association professionnelle suisse pour la création de vêtements, spécialisée dans les vêtements pour femmes) et l&rsquo;association SwissCouture (Association pour les championnats professionnels des créateurs de vêtements) ont également été intégrées. </p>
<p>SWISSMODE se consacre avec un engagement particulier à la promotion de la formation professionnelle initiale et continue afin de garantir à long terme la profession ainsi que le site d&rsquo;innovation et de production suisse. Cela permet d&rsquo;assurer une relève qualifiée et une formation initiale et continue de qualité, adaptée aux besoins actuels. </p>
<p>Au sein de la CIFC (Communauté d&rsquo;intérêts pour la formation professionnelle des créateurs de vêtements), SWISSMODE est l&rsquo;organisme responsable des spécialisations en vêtements pour femmes et pour hommes. Avec environ 900 contrats d&rsquo;apprentissage, il s&rsquo;agit de la plus grande profession textile formée en Suisse. </p>
<p>Les créateurs de vêtements formés poursuivent après leur formation des carrières dans la couture, le théâtre, l&rsquo;industrie du textile et de l&rsquo;habillement, le fashion design ou le commerce textile. Ils sont donc un soutien important pour la sauvegarde du savoir-faire textile dans un marché du travail qui emploie plus de 18 000 personnes en Suisse. </p>
<p>SWISSMODE dispose en outre d&rsquo;un très bon réseau international depuis de nombreuses années et est régulièrement représentée aux congrès européens et mondiaux (European Master Tailor Congress EMTC, World Master Tailor Congress WMTC). Il en a résulté un réseau important dans notre secteur, au-delà des frontières nationales. </p>
<p><strong>Association suisse des modistes (ASM)<br />
</strong><a href="https://www.berufsverband-modistinnen.ch/" target="_blank" rel="noopener">L&rsquo;Association suisse des modistes (ASM)</a> est une association professionnelle fondée en 1963. Ses membres sont des créateurs de vêtements/spécialisés dans la modisterie, des fabricants de chapeaux, des magasins de chapeaux, des membres passifs et des sponsors. </p>
<p>En général, l&rsquo;USDAM a pour but de préserver et de promouvoir les intérêts professionnels communs et de cultiver la collégialité en interne, mais aussi avec d&rsquo;autres associations professionnelles. Elle offre en outre une plate-forme d&rsquo;échanges informatifs et professionnels entre les professionnels. Elle a pour objectif de faire connaître le chapeau, de lui donner une place dans la vie quotidienne et de sensibiliser un public plus large à ce magnifique métier.  </p>
<p><strong>TICINO MODA<br />
</strong> TICINO<a href="https://www.ticinomoda.ch/" target="_blank" rel="noopener">MODA</a> est l&rsquo;association des fabricants de vêtements du canton du Tessin. En tant que membre de la Fédération Textile Suisse (FTS) et de la Chambre d&rsquo;Industrie et d&rsquo;Artisanat du Canton du Tessin, TICINO MODA a pour mission de promouvoir l&rsquo;industrie de l&rsquo;habillement ainsi que les activités connexes dans les domaines de la logistique et de la distribution, et de soutenir les entreprises membres. </p>
<p>TICINO MODA s&rsquo;engage dans la formation professionnelle par le biais de STA, l&rsquo;école technique de l&rsquo;habillement et de la mode, qui propose des cours diplômants en Clothing Technical Engineering et en design de mode ainsi qu&rsquo;un cours post-diplôme certifié en patrons, techniques de style et de collection. En outre, TICINO MODA encourage la formation interne et la formation continue par le biais de la SIMA. Les deux organisations (STA et SIMA) ont été créées avec le soutien de l&rsquo;AFRA.  </p>
<p>Le Tessin, également connu sous le nom de Fashion Valley, est un lieu attractif pour les grandes maisons de mode internationales et offre un environnement économique idéal pour le développement de produits, la production et la logistique. En collaboration avec l&rsquo;industrie locale de l&rsquo;habillement et de la mode, l&rsquo;AFRA apporte une contribution importante au soutien du canton du Tessin en faisant du Tessin une Fashion Valley, grâce à sa situation privilégiée et à son image unique. L&rsquo;industrie de l&rsquo;habillement du canton du Tessin, orientée vers l&rsquo;exportation, se concentre sur les produits textiles innovants, la mode de luxe et les employés qualifiés. La Fashion Valley soutient l&rsquo;ensemble de la région, y compris les secteurs du transport et de la distribution, de la banque et de la logistique, ainsi que d&rsquo;autres entreprises et services. Grâce à l&rsquo;engagement continu de TICINO MODA, la Fashion Valley est en pleine expansion.    </p>
<p><strong>Ecole Suisse du Textile (STF)</strong><br />
Fondée en 1881, l&rsquo;Ecole Suisse du Textile est aujourd&rsquo;hui encore organisée sous forme de coopérative et bénéficie d&rsquo;un soutien important de la part des entreprises de production de l&rsquo;industrie du textile et de l&rsquo;habillement, des associations concernées et du commerce. Les représentants des coopérateurs s&rsquo;engagent dans les organes stratégiques de la STF et participent à la conception d&rsquo;offres de formation initiale et continue orientées vers l&rsquo;avenir. En tant que coopérative, la STF agit donc dans le sens d&rsquo;une organisation du monde du travail (OrTra) et participe, si nécessaire, aux réformes des offres de formation pertinentes.  </p>
<p>En tant qu&rsquo;institut de formation et de perfectionnement, la STF gère les cursus dans le domaine opérationnel. Elle assure la relève de la main-d&rsquo;œuvre qualifiée pour le secteur. La STF doit son succès dans le secteur du textile et de l&rsquo;habillement à sa confrontation continue avec le marché.  </p>
<p>La STF se positionne comme une école supérieure proposant des formations ES reconnues par la Confédération ainsi que des examens professionnels et professionnels supérieurs spécifiques à la branche dans le domaine tertiaire non universitaire (tertiaire B). Les filières de formation s&rsquo;appuient sur le niveau secondaire II. Elles sont axées sur des problèmes concrets dans les domaines des services, de l&rsquo;entreprise, de l&rsquo;atelier et de la production. Les filières de formation se caractérisent par une qualification élevée pour la pratique et une partie théorique équilibrée en conséquence. Les objectifs de la formation comprennent la transmission de compétences professionnelles supérieures ainsi que la préparation à des fonctions spécialisées ou de direction.    </p>
<p><strong>Conférence suisse des directeurs (CSD)<br />
</strong>En tant que conférence des directeurs d&rsquo;écoles professionnelles, la CSD-CSD est active au niveau secondaire II et au niveau tertiaire de formation professionnelle. Elle compte environ 130 membres dans toute la Suisse : écoles professionnelles, centres d&rsquo;apprentissage, centres de formation et de perfectionnement. Les membres enseignent plus de 200 professions enregistrées par le SBFI. Les nombreux délégués représentent la CSD-CSD dans les groupes de travail et les commissions les plus divers des institutions de formation professionnelle.   </p>
<p>La CSD défend les intérêts de ses membres dans le cadre du mandat légal et autonome de formation. Elle s&rsquo;occupe de toutes les questions relatives à la formation professionnelle, tout en préservant les intérêts des écoles professionnelles et des écoles supérieures, et garantit leur développement continu. Elle encourage l&rsquo;échange d&rsquo;expériences entre les directeurs d&rsquo;école concernant l&rsquo;enseignement, l&rsquo;organisation, la gestion et le développement des écoles professionnelles, mais aussi leurs objectifs culturels et sociaux. Elle s&rsquo;engage en faveur de la formation continue des directeurs d&rsquo;école, de l&rsquo;échange d&rsquo;expériences avec d&rsquo;autres institutions de formation et de l&rsquo;étude d&rsquo;autres systèmes de formation et encourage la formation initiale et continue des enseignants des écoles professionnelles.    Elle collabore avec la CDIP et la CSFP, le SBFI, l&rsquo;IFFP, le CPS, les OrTra et d&rsquo;autres associations professionnelles et économiques, ainsi qu&rsquo;avec d&rsquo;autres conférences de directeurs d&rsquo;école, les conférences d&rsquo;enseignants et d&rsquo;autres institutions du secteur de l&rsquo;éducation.</p>
</div></div></div></div></div>
