{"id":339,"date":"2025-03-23T08:58:15","date_gmt":"2025-03-23T08:58:15","guid":{"rendered":"https:\/\/ibbg.ch.hira.ch-meta.net\/secretariat\/"},"modified":"2025-04-07T08:15:28","modified_gmt":"2025-04-07T08:15:28","slug":"secretariat","status":"publish","type":"page","link":"https:\/\/ibbg.ch\/fr\/secretariat\/","title":{"rendered":"Secr\u00e9tariat"},"content":{"rendered":"<div class=\"fusion-fullwidth fullwidth-box fusion-builder-row-1 fusion-flex-container has-pattern-background has-mask-background hundred-percent-fullwidth non-hundred-percent-height-scrolling\" style=\"--awb-border-radius-top-left:0px;--awb-border-radius-top-right:0px;--awb-border-radius-bottom-right:0px;--awb-border-radius-bottom-left:0px;--awb-padding-right:5%;--awb-padding-left:5%;--awb-flex-wrap:wrap;\" ><div class=\"fusion-builder-row fusion-row fusion-flex-align-items-flex-start fusion-flex-content-wrap\" style=\"width:104% !important;max-width:104% !important;margin-left: calc(-4% \/ 2 );margin-right: calc(-4% \/ 2 );\"><div class=\"fusion-layout-column fusion_builder_column fusion-builder-column-0 fusion_builder_column_1_1 1_1 fusion-flex-column\" style=\"--awb-bg-size:cover;--awb-width-large:100%;--awb-margin-top-large:0px;--awb-spacing-right-large:1.92%;--awb-margin-bottom-large:20px;--awb-spacing-left-large:1.92%;--awb-width-medium:100%;--awb-order-medium:0;--awb-spacing-right-medium:1.92%;--awb-spacing-left-medium:1.92%;--awb-width-small:100%;--awb-order-small:0;--awb-spacing-right-small:1.92%;--awb-spacing-left-small:1.92%;\"><div class=\"fusion-column-wrapper fusion-column-has-shadow fusion-flex-justify-content-flex-start fusion-content-layout-column\"><div class=\"fusion-title title fusion-title-1 fusion-sep-none fusion-title-text fusion-title-size-one\" style=\"--awb-margin-top-small:10px;--awb-margin-right-small:0px;--awb-margin-bottom-small:10px;--awb-margin-left-small:0px;\"><h1 class=\"fusion-title-heading title-heading-left\" style=\"margin:0;\"><h1>Secr\u00e9tariat<\/h1><\/h1><\/div><div class=\"fusion-text fusion-text-1\"><p>Berufsbildungszentrum Olten<br \/>\nSecr\u00e9tariat IBBG<br \/>\nMme Esther Bader<br \/>\nAarauerstrasse 30<br \/>\n4600 Olten<\/p>\n<p>T\u00e9l. : 062 311 83 62<br \/>\nE-mail <a href=\"mailto:sekretariat@ibbg.ch?subject=Kontakt%20ab%20Website%20ibbg.ch\">sekretariat@ibbg.ch<\/a><\/p>\n<p><strong>Qui est l&rsquo;IBBG !<br \/>\n<\/strong>L&rsquo;association IBBG (Interessengemeinschaft Berufsbildung Bekleidungsgestalter\/in) promeut et coordonne une formation professionnelle orient\u00e9e vers l&rsquo;avenir et la pratique. En outre, l&rsquo;IBBG promeut et soutient la profession, son image et la coop\u00e9ration entre les partenaires de l&rsquo;association et de la formation. Dans le cadre de son objet statutaire, l&rsquo;IBBG d\u00e9fend et promeut les int\u00e9r\u00eats id\u00e9aux, professionnels, juridiques et \u00e9conomiques de ses membres.<\/p>\n<\/div><\/div><\/div><\/div><\/div>\n","protected":false},"excerpt":{"rendered":"","protected":false},"author":1,"featured_media":0,"parent":0,"menu_order":0,"comment_status":"closed","ping_status":"closed","template":"100-width.php","meta":{"footnotes":""},"class_list":["post-339","page","type-page","status-publish","hentry"],"_links":{"self":[{"href":"https:\/\/ibbg.ch\/fr\/wp-json\/wp\/v2\/pages\/339","targetHints":{"allow":["GET"]}}],"collection":[{"href":"https:\/\/ibbg.ch\/fr\/wp-json\/wp\/v2\/pages"}],"about":[{"href":"https:\/\/ibbg.ch\/fr\/wp-json\/wp\/v2\/types\/page"}],"author":[{"embeddable":true,"href":"https:\/\/ibbg.ch\/fr\/wp-json\/wp\/v2\/users\/1"}],"replies":[{"embeddable":true,"href":"https:\/\/ibbg.ch\/fr\/wp-json\/wp\/v2\/comments?post=339"}],"version-history":[{"count":6,"href":"https:\/\/ibbg.ch\/fr\/wp-json\/wp\/v2\/pages\/339\/revisions"}],"predecessor-version":[{"id":615,"href":"https:\/\/ibbg.ch\/fr\/wp-json\/wp\/v2\/pages\/339\/revisions\/615"}],"wp:attachment":[{"href":"https:\/\/ibbg.ch\/fr\/wp-json\/wp\/v2\/media?parent=339"}],"curies":[{"name":"wp","href":"https:\/\/api.w.org\/{rel}","templated":true}]}}

Secrétariat

<div class="fusion-fullwidth fullwidth-box fusion-builder-row-1 fusion-flex-container has-pattern-background has-mask-background hundred-percent-fullwidth non-hundred-percent-height-scrolling" style="--awb-border-radius-top-left:0px;--awb-border-radius-top-right:0px;--awb-border-radius-bottom-right:0px;--awb-border-radius-bottom-left:0px;--awb-padding-right:5%;--awb-padding-left:5%;--awb-flex-wrap:wrap;" ><div class="fusion-builder-row fusion-row fusion-flex-align-items-flex-start fusion-flex-content-wrap" style="width:104% !important;max-width:104% !important;margin-left: calc(-4% / 2 );margin-right: calc(-4% / 2 );"><div class="fusion-layout-column fusion_builder_column fusion-builder-column-0 fusion_builder_column_1_1 1_1 fusion-flex-column" style="--awb-bg-size:cover;--awb-width-large:100%;--awb-margin-top-large:0px;--awb-spacing-right-large:1.92%;--awb-margin-bottom-large:20px;--awb-spacing-left-large:1.92%;--awb-width-medium:100%;--awb-order-medium:0;--awb-spacing-right-medium:1.92%;--awb-spacing-left-medium:1.92%;--awb-width-small:100%;--awb-order-small:0;--awb-spacing-right-small:1.92%;--awb-spacing-left-small:1.92%;"><div class="fusion-column-wrapper fusion-column-has-shadow fusion-flex-justify-content-flex-start fusion-content-layout-column"><div class="fusion-title title fusion-title-1 fusion-sep-none fusion-title-text fusion-title-size-one" style="--awb-margin-top-small:10px;--awb-margin-right-small:0px;--awb-margin-bottom-small:10px;--awb-margin-left-small:0px;"><h1 class="fusion-title-heading title-heading-left" style="margin:0;"><h1>Secrétariat</h1></h1></div><div class="fusion-text fusion-text-1"><p>Berufsbildungszentrum Olten<br />
Secrétariat IBBG<br />
Mme Esther Bader<br />
Aarauerstrasse 30<br />
4600 Olten</p>
<p>Tél. : 062 311 83 62<br />
E-mail <a href="mailto:sekretariat@ibbg.ch?subject=Kontakt%20ab%20Website%20ibbg.ch">sekretariat@ibbg.ch</a></p>
<p><strong>Qui est l&rsquo;IBBG !<br />
</strong>L&rsquo;association IBBG (Interessengemeinschaft Berufsbildung Bekleidungsgestalter/in) promeut et coordonne une formation professionnelle orientée vers l&rsquo;avenir et la pratique. En outre, l&rsquo;IBBG promeut et soutient la profession, son image et la coopération entre les partenaires de l&rsquo;association et de la formation. Dans le cadre de son objet statutaire, l&rsquo;IBBG défend et promeut les intérêts idéaux, professionnels, juridiques et économiques de ses membres.</p>
</div></div></div></div></div>
