{"id":333,"date":"2025-03-23T08:56:53","date_gmt":"2025-03-23T08:56:53","guid":{"rendered":"https:\/\/ibbg.ch.hira.ch-meta.net\/organisation\/"},"modified":"2025-04-07T14:08:25","modified_gmt":"2025-04-07T14:08:25","slug":"organisation","status":"publish","type":"page","link":"https:\/\/ibbg.ch\/fr\/organisation\/","title":{"rendered":"Organisation"},"content":{"rendered":"<div class=\"fusion-fullwidth fullwidth-box fusion-builder-row-1 fusion-flex-container has-pattern-background has-mask-background hundred-percent-fullwidth non-hundred-percent-height-scrolling\" style=\"--awb-border-radius-top-left:0px;--awb-border-radius-top-right:0px;--awb-border-radius-bottom-right:0px;--awb-border-radius-bottom-left:0px;--awb-padding-right:5%;--awb-padding-left:5%;--awb-flex-wrap:wrap;\" ><div class=\"fusion-builder-row fusion-row fusion-flex-align-items-flex-start fusion-flex-content-wrap\" style=\"width:104% !important;max-width:104% !important;margin-left: calc(-4% \/ 2 );margin-right: calc(-4% \/ 2 );\"><div class=\"fusion-layout-column fusion_builder_column fusion-builder-column-0 fusion_builder_column_1_1 1_1 fusion-flex-column\" style=\"--awb-bg-size:cover;--awb-width-large:100%;--awb-margin-top-large:0px;--awb-spacing-right-large:1.92%;--awb-margin-bottom-large:20px;--awb-spacing-left-large:1.92%;--awb-width-medium:100%;--awb-order-medium:0;--awb-spacing-right-medium:1.92%;--awb-spacing-left-medium:1.92%;--awb-width-small:100%;--awb-order-small:0;--awb-spacing-right-small:1.92%;--awb-spacing-left-small:1.92%;\"><div class=\"fusion-column-wrapper fusion-column-has-shadow fusion-flex-justify-content-flex-start fusion-content-layout-column\"><div class=\"fusion-title title fusion-title-1 fusion-sep-none fusion-title-text fusion-title-size-one\" style=\"--awb-margin-top-small:10px;--awb-margin-right-small:0px;--awb-margin-bottom-small:10px;--awb-margin-left-small:0px;\"><h1 class=\"fusion-title-heading title-heading-left\" style=\"margin:0;\"><h1>Organisation<\/h1><\/h1><\/div><div class=\"fusion-text fusion-text-1\"><p><strong>Assembl\u00e9e des d\u00e9l\u00e9gu\u00e9s<br \/>\n<\/strong>L&rsquo;Assembl\u00e9e des d\u00e9l\u00e9gu\u00e9s est l&rsquo;organe supr\u00eame de l&rsquo;association. Chaque organisme responsable a droit \u00e0 deux d\u00e9l\u00e9gu\u00e9s, avec un maximum de quatre d\u00e9l\u00e9gu\u00e9s. En outre, 50 apprentissages de la formation professionnelle initiale donnent droit \u00e0 une personne suppl\u00e9mentaire en tant que d\u00e9l\u00e9gu\u00e9. L&rsquo;assembl\u00e9e des d\u00e9l\u00e9gu\u00e9s \u00e9lit le pr\u00e9sident et le conseil d&rsquo;administration pour une dur\u00e9e de deux ans, d\u00e9signe l&rsquo;organe de contr\u00f4le et la politique de l&rsquo;association et d\u00e9cide de l&rsquo;exclusion de membres ou de la modification des statuts.<\/p>\n<p>L&rsquo;Assembl\u00e9e des d\u00e9l\u00e9gu\u00e9s est convoqu\u00e9e par le Conseil d&rsquo;administration au moins une fois par exercice. Les d\u00e9cisions de l&rsquo;Assembl\u00e9e des d\u00e9l\u00e9gu\u00e9s sont prises \u00e0 la majorit\u00e9 simple des voix des d\u00e9l\u00e9gu\u00e9s pr\u00e9sents, les modifications des statuts n\u00e9cessitant une majorit\u00e9 des deux tiers. En cas d&rsquo;\u00e9galit\u00e9 des voix, celle du pr\u00e9sident ou de la pr\u00e9sidente est pr\u00e9pond\u00e9rante.<\/p>\n<p><strong>Comit\u00e9 directeur<br \/>\n<\/strong>Le comit\u00e9 directeur de l&rsquo;association se compose d&rsquo;un repr\u00e9sentant de chaque organisme responsable et d&rsquo;un repr\u00e9sentant au total des membres ayant le statut de \u00ab\u00a0membre simple\u00a0\u00bb. La fonction de pr\u00e9sident du conseil d&rsquo;administration est exerc\u00e9e par le pr\u00e9sident. Le conseil d&rsquo;administration de l&rsquo;association, pr\u00e9sid\u00e9 par le pr\u00e9sident, dirige l&rsquo;association, d\u00e9signe le directeur g\u00e9n\u00e9ral (directeur du bureau) et d\u00e9finit et supervise les t\u00e2ches du bureau.<\/p>\n<p><strong>Organe de contr\u00f4le<br \/>\n<\/strong>L&rsquo;Assembl\u00e9e des d\u00e9l\u00e9gu\u00e9s institue un organe de contr\u00f4le ind\u00e9pendant. Elle est compos\u00e9e de deux membres et d&rsquo;un suppl\u00e9ant dont le mandat est de trois ans, renouvelable au maximum deux fois. L&rsquo;organe de contr\u00f4le v\u00e9rifie les comptes annuels et pr\u00e9sente un rapport \u00e0 l&rsquo;Assembl\u00e9e des d\u00e9l\u00e9gu\u00e9s.<\/p>\n<p><a href=\"https:\/\/ibbg.ch\/wp-content\/uploads\/2025\/04\/Statuts_27_10_2022.pdf\" target=\"_blank\" rel=\"noopener\">Vous trouverez ici les statuts au format PDF<\/a><\/p>\n<\/div><\/div><\/div><\/div><\/div>\n","protected":false},"excerpt":{"rendered":"","protected":false},"author":1,"featured_media":0,"parent":0,"menu_order":0,"comment_status":"closed","ping_status":"closed","template":"100-width.php","meta":{"footnotes":""},"class_list":["post-333","page","type-page","status-publish","hentry"],"_links":{"self":[{"href":"https:\/\/ibbg.ch\/fr\/wp-json\/wp\/v2\/pages\/333","targetHints":{"allow":["GET"]}}],"collection":[{"href":"https:\/\/ibbg.ch\/fr\/wp-json\/wp\/v2\/pages"}],"about":[{"href":"https:\/\/ibbg.ch\/fr\/wp-json\/wp\/v2\/types\/page"}],"author":[{"embeddable":true,"href":"https:\/\/ibbg.ch\/fr\/wp-json\/wp\/v2\/users\/1"}],"replies":[{"embeddable":true,"href":"https:\/\/ibbg.ch\/fr\/wp-json\/wp\/v2\/comments?post=333"}],"version-history":[{"count":13,"href":"https:\/\/ibbg.ch\/fr\/wp-json\/wp\/v2\/pages\/333\/revisions"}],"predecessor-version":[{"id":671,"href":"https:\/\/ibbg.ch\/fr\/wp-json\/wp\/v2\/pages\/333\/revisions\/671"}],"wp:attachment":[{"href":"https:\/\/ibbg.ch\/fr\/wp-json\/wp\/v2\/media?parent=333"}],"curies":[{"name":"wp","href":"https:\/\/api.w.org\/{rel}","templated":true}]}}

<div class="fusion-fullwidth fullwidth-box fusion-builder-row-1 fusion-flex-container has-pattern-background has-mask-background hundred-percent-fullwidth non-hundred-percent-height-scrolling" style="--awb-border-radius-top-left:0px;--awb-border-radius-top-right:0px;--awb-border-radius-bottom-right:0px;--awb-border-radius-bottom-left:0px;--awb-padding-right:5%;--awb-padding-left:5%;--awb-flex-wrap:wrap;" ><div class="fusion-builder-row fusion-row fusion-flex-align-items-flex-start fusion-flex-content-wrap" style="width:104% !important;max-width:104% !important;margin-left: calc(-4% / 2 );margin-right: calc(-4% / 2 );"><div class="fusion-layout-column fusion_builder_column fusion-builder-column-0 fusion_builder_column_1_1 1_1 fusion-flex-column" style="--awb-bg-size:cover;--awb-width-large:100%;--awb-margin-top-large:0px;--awb-spacing-right-large:1.92%;--awb-margin-bottom-large:20px;--awb-spacing-left-large:1.92%;--awb-width-medium:100%;--awb-order-medium:0;--awb-spacing-right-medium:1.92%;--awb-spacing-left-medium:1.92%;--awb-width-small:100%;--awb-order-small:0;--awb-spacing-right-small:1.92%;--awb-spacing-left-small:1.92%;"><div class="fusion-column-wrapper fusion-column-has-shadow fusion-flex-justify-content-flex-start fusion-content-layout-column"><div class="fusion-title title fusion-title-1 fusion-sep-none fusion-title-text fusion-title-size-one" style="--awb-margin-top-small:10px;--awb-margin-right-small:0px;--awb-margin-bottom-small:10px;--awb-margin-left-small:0px;"><h1 class="fusion-title-heading title-heading-left" style="margin:0;"><h1>Organisation</h1></h1></div><div class="fusion-text fusion-text-1"><p><strong>Assemblée des délégués<br />
</strong>L&rsquo;Assemblée des délégués est l&rsquo;organe suprême de l&rsquo;association. Chaque organisme responsable a droit à deux délégués, avec un maximum de quatre délégués. En outre, 50 apprentissages de la formation professionnelle initiale donnent droit à une personne supplémentaire en tant que délégué. L&rsquo;assemblée des délégués élit le président et le conseil d&rsquo;administration pour une durée de deux ans, désigne l&rsquo;organe de contrôle et la politique de l&rsquo;association et décide de l&rsquo;exclusion de membres ou de la modification des statuts.</p>
<p>L&rsquo;Assemblée des délégués est convoquée par le Conseil d&rsquo;administration au moins une fois par exercice. Les décisions de l&rsquo;Assemblée des délégués sont prises à la majorité simple des voix des délégués présents, les modifications des statuts nécessitant une majorité des deux tiers. En cas d&rsquo;égalité des voix, celle du président ou de la présidente est prépondérante.</p>
<p><strong>Comité directeur<br />
</strong>Le comité directeur de l&rsquo;association se compose d&rsquo;un représentant de chaque organisme responsable et d&rsquo;un représentant au total des membres ayant le statut de « membre simple ». La fonction de président du conseil d&rsquo;administration est exercée par le président. Le conseil d&rsquo;administration de l&rsquo;association, présidé par le président, dirige l&rsquo;association, désigne le directeur général (directeur du bureau) et définit et supervise les tâches du bureau.</p>
<p><strong>Organe de contrôle<br />
</strong>L&rsquo;Assemblée des délégués institue un organe de contrôle indépendant. Elle est composée de deux membres et d&rsquo;un suppléant dont le mandat est de trois ans, renouvelable au maximum deux fois. L&rsquo;organe de contrôle vérifie les comptes annuels et présente un rapport à l&rsquo;Assemblée des délégués.</p>
<p><a href="https://ibbg.ch/wp-content/uploads/2025/04/Statuts_27_10_2022.pdf" target="_blank" rel="noopener">Vous trouverez ici les statuts au format PDF</a></p>
</div></div></div></div></div>
