{"id":117,"date":"2025-03-13T14:08:07","date_gmt":"2025-03-13T14:08:07","guid":{"rendered":"https:\/\/ibbg.ch.hira.ch-meta.net\/actualites\/emplois\/"},"modified":"2025-07-11T09:40:07","modified_gmt":"2025-07-11T09:40:07","slug":"emplois","status":"publish","type":"page","link":"https:\/\/ibbg.ch\/fr\/actualites\/emplois\/","title":{"rendered":"Emplois"},"content":{"rendered":"<div class=\"fusion-fullwidth fullwidth-box fusion-builder-row-1 fusion-flex-container has-pattern-background has-mask-background hundred-percent-fullwidth non-hundred-percent-height-scrolling\" style=\"--awb-border-radius-top-left:0px;--awb-border-radius-top-right:0px;--awb-border-radius-bottom-right:0px;--awb-border-radius-bottom-left:0px;--awb-padding-right:5%;--awb-padding-left:5%;--awb-flex-wrap:wrap;\" ><div class=\"fusion-builder-row fusion-row fusion-flex-align-items-flex-start fusion-flex-content-wrap\" style=\"width:104% !important;max-width:104% !important;margin-left: calc(-4% \/ 2 );margin-right: calc(-4% \/ 2 );\"><div class=\"fusion-layout-column fusion_builder_column fusion-builder-column-0 fusion-flex-column\" style=\"--awb-bg-size:cover;--awb-width-large:80%;--awb-margin-top-large:0px;--awb-spacing-right-large:2.4%;--awb-margin-bottom-large:20px;--awb-spacing-left-large:2.4%;--awb-width-medium:80%;--awb-order-medium:0;--awb-spacing-right-medium:2.4%;--awb-spacing-left-medium:2.4%;--awb-width-small:100%;--awb-order-small:0;--awb-spacing-right-small:1.92%;--awb-spacing-left-small:1.92%;\" data-scroll-devices=\"small-visibility,medium-visibility,large-visibility\"><div class=\"fusion-column-wrapper fusion-column-has-shadow fusion-flex-justify-content-flex-start fusion-content-layout-column\"><div class=\"fusion-title title fusion-title-1 fusion-sep-none fusion-title-text fusion-title-size-one\" style=\"--awb-margin-top-small:10px;--awb-margin-right-small:0px;--awb-margin-bottom-small:10px;--awb-margin-left-small:0px;\"><h1 class=\"fusion-title-heading title-heading-left\" style=\"margin:0;\"><h1>Offres d&#8217;emploi<\/h1><\/h1><\/div><div class=\"fusion-text fusion-text-1\"><p data-start=\"0\" data-end=\"101\"><strong data-start=\"13\" data-end=\"101\">Nous recherchons un(e) cr\u00e9ateur(trice) de v\u00eatements \/ un(e) couturier(\u00e8re) (100%) &#8211; site de Glattbrugg<\/strong><\/p>\n<p data-start=\"103\" data-end=\"328\" data-is-last-node=\"\" data-is-only-node=\"\"><a href=\"https:\/\/grueneckzh.ch\/\" target=\"_blank\" rel=\"noopener\">Gr\u00fcneck Textilpflege AG<\/a> recherche pour son site de Glattbrugg un(e) cr\u00e9ateur(trice) de v\u00eatements motiv\u00e9(e) ou un(e) retoucheur(se). <a href=\"https:\/\/ibbg.ch\/wp-content\/uploads\/2025\/Stellenanzeigen2025\/BekleidungsgestalterIinAenderungsschneiderIinGesuchtStandortGlattbrugg.pdf\" target=\"_blank\" rel=\"noopener\">Vous trouverez de plus amples informations dans le PDF li\u00e9<\/a>.<\/p>\n<\/div><div class=\"fusion-separator\" style=\"align-self: center;margin-left: auto;margin-right: auto;margin-top:20px;margin-bottom:20px;width:100%;max-width:95%;\"><div class=\"fusion-separator-border sep-single sep-solid\" style=\"--awb-height:20px;--awb-amount:20px;--awb-sep-color:var(--awb-custom_color_1);border-color:var(--awb-custom_color_1);border-top-width:2px;\"><\/div><\/div><div class=\"fusion-text fusion-text-2\"><p><strong>Ecole de Couture Valais \/ Lehratelier Wallis<\/strong><br \/>\nNous sommes une \u00e9quipe cr\u00e9ative, dynamique et flexible avec une grande exigence de qualit\u00e9.<\/p>\n<p>Cliquez ici pour acc\u00e9der au PDF<a href=\"https:\/\/couture-vs.ch\/de\/offre-demploi\/\" target=\"_blank\" rel=\"noopener\">\u00ab\u00a0Formateur en cr\u00e9ation de v\u00eatements<\/a>\u00ab\u00a0.<\/p>\n<\/div><div class=\"fusion-separator\" style=\"align-self: center;margin-left: auto;margin-right: auto;margin-top:20px;margin-bottom:20px;width:100%;max-width:95%;\"><div class=\"fusion-separator-border sep-single sep-solid\" style=\"--awb-height:20px;--awb-amount:20px;--awb-sep-color:var(--awb-custom_color_1);border-color:var(--awb-custom_color_1);border-top-width:2px;\"><\/div><\/div><div class=\"fusion-text fusion-text-3\"><p style=\"text-align: left;\">R\u00e9partition des entreprises formatrices et des places d&rsquo;apprentissage de l&rsquo;IBBG<\/p>\n<ul>\n<li style=\"text-align: left;\"><a href=\"https:\/\/ibbg.ch\/wp-content\/uploads\/2025\/04\/Karte-Lernende-F.png\" target=\"_blank\" rel=\"noopener\">Entreprises\/apprenants<\/a><\/li>\n<\/ul>\n<\/div><\/div><\/div><div class=\"fusion-layout-column fusion_builder_column fusion-builder-column-1 fusion-flex-column\" style=\"--awb-bg-size:cover;--awb-width-large:20%;--awb-margin-top-large:0px;--awb-spacing-right-large:9.6%;--awb-margin-bottom-large:20px;--awb-spacing-left-large:9.6%;--awb-width-medium:20%;--awb-order-medium:0;--awb-spacing-right-medium:9.6%;--awb-spacing-left-medium:9.6%;--awb-width-small:100%;--awb-order-small:0;--awb-spacing-right-small:1.92%;--awb-spacing-left-small:1.92%;\" data-scroll-devices=\"small-visibility,medium-visibility,large-visibility\"><div class=\"fusion-column-wrapper fusion-column-has-shadow fusion-flex-justify-content-flex-start fusion-content-layout-column\"><div class=\"fusion-title title fusion-title-2 fusion-sep-none fusion-title-text fusion-title-size-one\" style=\"--awb-margin-top-small:10px;--awb-margin-right-small:0px;--awb-margin-bottom-small:10px;--awb-margin-left-small:0px;\"><h1 class=\"fusion-title-heading title-heading-left\" style=\"margin:0;\"><h2>Contact<\/h2><\/h1><\/div><div class=\"fusion-text fusion-text-4\"><p>Vous pouvez joindre notre secr\u00e9tariat \u00e0 l&rsquo;adresse suivante :<br \/>\nT\u00e9l. : 062 311 83 62 ou<br \/>\n<a href=\"mailto:sekretariat@ibbg.ch?subject=Kontakt%20ab%20Website%20ibbg.ch\">sekretariat@ibbg.ch<\/a> ou via le formulaire de contact<\/p>\n<p><strong>Heures d&rsquo;ouverture :<\/strong><br \/>\nJoignable par t\u00e9l\u00e9phone le<br \/>\nLundi &amp; jeudi<br \/>\n9:00 &#8211; 12:00 \/ 14:00 &#8211; 17:00<\/p>\n<p>Mardi &amp; mercredi<br \/>\n14:00 &#8211; 17:00<\/p>\n<\/div><\/div><\/div><\/div><\/div>\n","protected":false},"excerpt":{"rendered":"","protected":false},"author":1,"featured_media":0,"parent":112,"menu_order":0,"comment_status":"closed","ping_status":"closed","template":"100-width.php","meta":{"footnotes":""},"class_list":["post-117","page","type-page","status-publish","hentry"],"_links":{"self":[{"href":"https:\/\/ibbg.ch\/fr\/wp-json\/wp\/v2\/pages\/117","targetHints":{"allow":["GET"]}}],"collection":[{"href":"https:\/\/ibbg.ch\/fr\/wp-json\/wp\/v2\/pages"}],"about":[{"href":"https:\/\/ibbg.ch\/fr\/wp-json\/wp\/v2\/types\/page"}],"author":[{"embeddable":true,"href":"https:\/\/ibbg.ch\/fr\/wp-json\/wp\/v2\/users\/1"}],"replies":[{"embeddable":true,"href":"https:\/\/ibbg.ch\/fr\/wp-json\/wp\/v2\/comments?post=117"}],"version-history":[{"count":24,"href":"https:\/\/ibbg.ch\/fr\/wp-json\/wp\/v2\/pages\/117\/revisions"}],"predecessor-version":[{"id":1426,"href":"https:\/\/ibbg.ch\/fr\/wp-json\/wp\/v2\/pages\/117\/revisions\/1426"}],"up":[{"embeddable":true,"href":"https:\/\/ibbg.ch\/fr\/wp-json\/wp\/v2\/pages\/112"}],"wp:attachment":[{"href":"https:\/\/ibbg.ch\/fr\/wp-json\/wp\/v2\/media?parent=117"}],"curies":[{"name":"wp","href":"https:\/\/api.w.org\/{rel}","templated":true}]}}

<div class="fusion-fullwidth fullwidth-box fusion-builder-row-1 fusion-flex-container has-pattern-background has-mask-background hundred-percent-fullwidth non-hundred-percent-height-scrolling" style="--awb-border-radius-top-left:0px;--awb-border-radius-top-right:0px;--awb-border-radius-bottom-right:0px;--awb-border-radius-bottom-left:0px;--awb-padding-right:5%;--awb-padding-left:5%;--awb-flex-wrap:wrap;" ><div class="fusion-builder-row fusion-row fusion-flex-align-items-flex-start fusion-flex-content-wrap" style="width:104% !important;max-width:104% !important;margin-left: calc(-4% / 2 );margin-right: calc(-4% / 2 );"><div class="fusion-layout-column fusion_builder_column fusion-builder-column-0 fusion-flex-column" style="--awb-bg-size:cover;--awb-width-large:80%;--awb-margin-top-large:0px;--awb-spacing-right-large:2.4%;--awb-margin-bottom-large:20px;--awb-spacing-left-large:2.4%;--awb-width-medium:80%;--awb-order-medium:0;--awb-spacing-right-medium:2.4%;--awb-spacing-left-medium:2.4%;--awb-width-small:100%;--awb-order-small:0;--awb-spacing-right-small:1.92%;--awb-spacing-left-small:1.92%;" data-scroll-devices="small-visibility,medium-visibility,large-visibility"><div class="fusion-column-wrapper fusion-column-has-shadow fusion-flex-justify-content-flex-start fusion-content-layout-column"><div class="fusion-title title fusion-title-1 fusion-sep-none fusion-title-text fusion-title-size-one" style="--awb-margin-top-small:10px;--awb-margin-right-small:0px;--awb-margin-bottom-small:10px;--awb-margin-left-small:0px;"><h1 class="fusion-title-heading title-heading-left" style="margin:0;"><h1>Offres d&#8217;emploi</h1></h1></div><div class="fusion-text fusion-text-1"><p data-start="0" data-end="101"><strong data-start="13" data-end="101">Nous recherchons un(e) créateur(trice) de vêtements / un(e) couturier(ère) (100%) &#8211; site de Glattbrugg</strong></p>
<p data-start="103" data-end="328" data-is-last-node="" data-is-only-node=""><a href="https://grueneckzh.ch/" target="_blank" rel="noopener">Grüneck Textilpflege AG</a> recherche pour son site de Glattbrugg un(e) créateur(trice) de vêtements motivé(e) ou un(e) retoucheur(se). <a href="https://ibbg.ch/wp-content/uploads/2025/Stellenanzeigen2025/BekleidungsgestalterIinAenderungsschneiderIinGesuchtStandortGlattbrugg.pdf" target="_blank" rel="noopener">Vous trouverez de plus amples informations dans le PDF lié</a>.</p>
</div><div class="fusion-separator" style="align-self: center;margin-left: auto;margin-right: auto;margin-top:20px;margin-bottom:20px;width:100%;max-width:95%;"><div class="fusion-separator-border sep-single sep-solid" style="--awb-height:20px;--awb-amount:20px;--awb-sep-color:var(--awb-custom_color_1);border-color:var(--awb-custom_color_1);border-top-width:2px;"></div></div><div class="fusion-text fusion-text-2"><p><strong>Ecole de Couture Valais / Lehratelier Wallis</strong><br />
Nous sommes une équipe créative, dynamique et flexible avec une grande exigence de qualité.</p>
<p>Cliquez ici pour accéder au PDF<a href="https://couture-vs.ch/de/offre-demploi/" target="_blank" rel="noopener">« Formateur en création de vêtements</a>« .</p>
</div><div class="fusion-separator" style="align-self: center;margin-left: auto;margin-right: auto;margin-top:20px;margin-bottom:20px;width:100%;max-width:95%;"><div class="fusion-separator-border sep-single sep-solid" style="--awb-height:20px;--awb-amount:20px;--awb-sep-color:var(--awb-custom_color_1);border-color:var(--awb-custom_color_1);border-top-width:2px;"></div></div><div class="fusion-text fusion-text-3"><p style="text-align: left;">Répartition des entreprises formatrices et des places d&rsquo;apprentissage de l&rsquo;IBBG</p>
<ul>
<li style="text-align: left;"><a href="https://ibbg.ch/wp-content/uploads/2025/04/Karte-Lernende-F.png" target="_blank" rel="noopener">Entreprises/apprenants</a></li>
</ul>
</div></div></div><div class="fusion-layout-column fusion_builder_column fusion-builder-column-1 fusion-flex-column" style="--awb-bg-size:cover;--awb-width-large:20%;--awb-margin-top-large:0px;--awb-spacing-right-large:9.6%;--awb-margin-bottom-large:20px;--awb-spacing-left-large:9.6%;--awb-width-medium:20%;--awb-order-medium:0;--awb-spacing-right-medium:9.6%;--awb-spacing-left-medium:9.6%;--awb-width-small:100%;--awb-order-small:0;--awb-spacing-right-small:1.92%;--awb-spacing-left-small:1.92%;" data-scroll-devices="small-visibility,medium-visibility,large-visibility"><div class="fusion-column-wrapper fusion-column-has-shadow fusion-flex-justify-content-flex-start fusion-content-layout-column"><div class="fusion-title title fusion-title-2 fusion-sep-none fusion-title-text fusion-title-size-one" style="--awb-margin-top-small:10px;--awb-margin-right-small:0px;--awb-margin-bottom-small:10px;--awb-margin-left-small:0px;"><h1 class="fusion-title-heading title-heading-left" style="margin:0;"><h2>Contact</h2></h1></div><div class="fusion-text fusion-text-4"><p>Vous pouvez joindre notre secrétariat à l&rsquo;adresse suivante :<br />
Tél. : 062 311 83 62 ou<br />
<a href="mailto:sekretariat@ibbg.ch?subject=Kontakt%20ab%20Website%20ibbg.ch">sekretariat@ibbg.ch</a> ou via le formulaire de contact</p>
<p><strong>Heures d&rsquo;ouverture :</strong><br />
Joignable par téléphone le<br />
Lundi &amp; jeudi<br />
9:00 &#8211; 12:00 / 14:00 &#8211; 17:00</p>
<p>Mardi &amp; mercredi<br />
14:00 &#8211; 17:00</p>
</div></div></div></div></div>
