{"id":1046,"date":"2025-05-16T06:54:18","date_gmt":"2025-05-16T06:54:18","guid":{"rendered":"https:\/\/ibbg.ch.hira.ch-meta.net\/fashion-specialiste-ep\/"},"modified":"2025-07-08T09:29:11","modified_gmt":"2025-07-08T09:29:11","slug":"fashion-specialiste-ep","status":"publish","type":"page","link":"https:\/\/ibbg.ch\/fr\/fashion-specialiste-ep\/","title":{"rendered":"Fashion-Sp\u00e9cialiste-EP"},"content":{"rendered":"<div class=\"fusion-fullwidth fullwidth-box fusion-builder-row-1 fusion-flex-container has-pattern-background has-mask-background hundred-percent-fullwidth non-hundred-percent-height-scrolling\" style=\"--awb-border-radius-top-left:0px;--awb-border-radius-top-right:0px;--awb-border-radius-bottom-right:0px;--awb-border-radius-bottom-left:0px;--awb-flex-wrap:wrap;\" ><div class=\"fusion-builder-row fusion-row fusion-flex-align-items-stretch fusion-flex-content-wrap\" style=\"width:104% !important;max-width:104% !important;margin-left: calc(-4% \/ 2 );margin-right: calc(-4% \/ 2 );\"><div class=\"fusion-layout-column fusion_builder_column fusion-builder-column-0 fusion_builder_column_1_1 1_1 fusion-flex-column\" style=\"--awb-bg-size:cover;--awb-width-large:100%;--awb-margin-top-large:0px;--awb-spacing-right-large:1.92%;--awb-margin-bottom-large:20px;--awb-spacing-left-large:1.92%;--awb-width-medium:100%;--awb-order-medium:0;--awb-spacing-right-medium:1.92%;--awb-spacing-left-medium:1.92%;--awb-width-small:100%;--awb-order-small:0;--awb-spacing-right-small:1.92%;--awb-spacing-left-small:1.92%;\"><div class=\"fusion-column-wrapper fusion-column-has-shadow fusion-flex-justify-content-flex-start fusion-content-layout-column\"><div class=\"fusion-title title fusion-title-1 fusion-sep-none fusion-title-text fusion-title-size-one\" style=\"--awb-margin-top-small:10px;--awb-margin-right-small:0px;--awb-margin-bottom-small:10px;--awb-margin-left-small:0px;\"><h1 class=\"fusion-title-heading title-heading-left\" style=\"margin:0;\"><h1><span id=\"dnn_ctr6507_dnnTITLE_titleLabel\" class=\"Head\">Fashionsp\u00e9cialiste-EP<\/span><\/h1><\/h1><\/div><div class=\"fusion-text fusion-text-1\"><p>Les sp\u00e9cialistes de la mode disposent d&rsquo;une m\u00e9thode de travail pr\u00e9cise, d&rsquo;une capacit\u00e9 de repr\u00e9sentation spatiale et d&rsquo;une habilet\u00e9 manuelle. Ils se distinguent par leurs capacit\u00e9s cr\u00e9atives ainsi que par leur sens aigu de l&rsquo;esth\u00e9tique et du style de vie. <\/p>\n<p>Selon la taille de l&rsquo;entreprise, ils assument des t\u00e2ches dans le d\u00e9roulement de l&rsquo;ensemble de la cha\u00eene de production ou dans certains secteurs dans des entreprises de l&rsquo;industrie de l&rsquo;habillement ou du commerce. Ils sont en mesure d&rsquo;assumer une fonction d&rsquo;assistance dans les services d&rsquo;achat, de d\u00e9velopper des mod\u00e8les et des prototypes dans des ateliers ou d&rsquo;assumer une fonction de conseil aupr\u00e8s de clients exigeants dans le commerce sp\u00e9cialis\u00e9 haut de gamme. <\/p>\n<ul>\n<li><a href=\"https:\/\/ibbg.ch\/wp-content\/uploads\/2025\/oeffDokumente\/DE\/Weiterbildung-Fashionspezialist\/PO_Deu%20Fashion%20SpezialistIn.pdf\" target=\"_blank\" rel=\"noopener\">R\u00e8glement d&rsquo;examen Sp\u00e9cialiste de la mode<\/a><\/li>\n<li><a href=\"https:\/\/ibbg.ch\/wp-content\/uploads\/2025\/oeffDokumente\/DE\/Weiterbildung-Fashionspezialist\/2024-06-FS-WL-D_Unterschrift.pdf\" target=\"_blank\" rel=\"noopener\">Guide du sp\u00e9cialiste de la mode 202406<\/a><\/li>\n<\/ul>\n<p><a href=\"https:\/\/www.stf.ch\/kurse\/bp-fashion-spezialist\/\" target=\"_blank\" rel=\"noopener\">Informations sur la formation<\/a><\/p>\n<\/div><\/div><\/div><\/div><\/div>\n","protected":false},"excerpt":{"rendered":"","protected":false},"author":1,"featured_media":0,"parent":0,"menu_order":0,"comment_status":"closed","ping_status":"closed","template":"100-width.php","meta":{"footnotes":""},"class_list":["post-1046","page","type-page","status-publish","hentry"],"_links":{"self":[{"href":"https:\/\/ibbg.ch\/fr\/wp-json\/wp\/v2\/pages\/1046","targetHints":{"allow":["GET"]}}],"collection":[{"href":"https:\/\/ibbg.ch\/fr\/wp-json\/wp\/v2\/pages"}],"about":[{"href":"https:\/\/ibbg.ch\/fr\/wp-json\/wp\/v2\/types\/page"}],"author":[{"embeddable":true,"href":"https:\/\/ibbg.ch\/fr\/wp-json\/wp\/v2\/users\/1"}],"replies":[{"embeddable":true,"href":"https:\/\/ibbg.ch\/fr\/wp-json\/wp\/v2\/comments?post=1046"}],"version-history":[{"count":6,"href":"https:\/\/ibbg.ch\/fr\/wp-json\/wp\/v2\/pages\/1046\/revisions"}],"predecessor-version":[{"id":1351,"href":"https:\/\/ibbg.ch\/fr\/wp-json\/wp\/v2\/pages\/1046\/revisions\/1351"}],"wp:attachment":[{"href":"https:\/\/ibbg.ch\/fr\/wp-json\/wp\/v2\/media?parent=1046"}],"curies":[{"name":"wp","href":"https:\/\/api.w.org\/{rel}","templated":true}]}}

Fashion-Spécialiste-EP

<div class="fusion-fullwidth fullwidth-box fusion-builder-row-1 fusion-flex-container has-pattern-background has-mask-background hundred-percent-fullwidth non-hundred-percent-height-scrolling" style="--awb-border-radius-top-left:0px;--awb-border-radius-top-right:0px;--awb-border-radius-bottom-right:0px;--awb-border-radius-bottom-left:0px;--awb-flex-wrap:wrap;" ><div class="fusion-builder-row fusion-row fusion-flex-align-items-stretch fusion-flex-content-wrap" style="width:104% !important;max-width:104% !important;margin-left: calc(-4% / 2 );margin-right: calc(-4% / 2 );"><div class="fusion-layout-column fusion_builder_column fusion-builder-column-0 fusion_builder_column_1_1 1_1 fusion-flex-column" style="--awb-bg-size:cover;--awb-width-large:100%;--awb-margin-top-large:0px;--awb-spacing-right-large:1.92%;--awb-margin-bottom-large:20px;--awb-spacing-left-large:1.92%;--awb-width-medium:100%;--awb-order-medium:0;--awb-spacing-right-medium:1.92%;--awb-spacing-left-medium:1.92%;--awb-width-small:100%;--awb-order-small:0;--awb-spacing-right-small:1.92%;--awb-spacing-left-small:1.92%;"><div class="fusion-column-wrapper fusion-column-has-shadow fusion-flex-justify-content-flex-start fusion-content-layout-column"><div class="fusion-title title fusion-title-1 fusion-sep-none fusion-title-text fusion-title-size-one" style="--awb-margin-top-small:10px;--awb-margin-right-small:0px;--awb-margin-bottom-small:10px;--awb-margin-left-small:0px;"><h1 class="fusion-title-heading title-heading-left" style="margin:0;"><h1><span id="dnn_ctr6507_dnnTITLE_titleLabel" class="Head">Fashionspécialiste-EP</span></h1></h1></div><div class="fusion-text fusion-text-1"><p>Les spécialistes de la mode disposent d&rsquo;une méthode de travail précise, d&rsquo;une capacité de représentation spatiale et d&rsquo;une habileté manuelle. Ils se distinguent par leurs capacités créatives ainsi que par leur sens aigu de l&rsquo;esthétique et du style de vie. </p>
<p>Selon la taille de l&rsquo;entreprise, ils assument des tâches dans le déroulement de l&rsquo;ensemble de la chaîne de production ou dans certains secteurs dans des entreprises de l&rsquo;industrie de l&rsquo;habillement ou du commerce. Ils sont en mesure d&rsquo;assumer une fonction d&rsquo;assistance dans les services d&rsquo;achat, de développer des modèles et des prototypes dans des ateliers ou d&rsquo;assumer une fonction de conseil auprès de clients exigeants dans le commerce spécialisé haut de gamme. </p>
<ul>
<li><a href="https://ibbg.ch/wp-content/uploads/2025/oeffDokumente/DE/Weiterbildung-Fashionspezialist/PO_Deu%20Fashion%20SpezialistIn.pdf" target="_blank" rel="noopener">Règlement d&rsquo;examen Spécialiste de la mode</a></li>
<li><a href="https://ibbg.ch/wp-content/uploads/2025/oeffDokumente/DE/Weiterbildung-Fashionspezialist/2024-06-FS-WL-D_Unterschrift.pdf" target="_blank" rel="noopener">Guide du spécialiste de la mode 202406</a></li>
</ul>
<p><a href="https://www.stf.ch/kurse/bp-fashion-spezialist/" target="_blank" rel="noopener">Informations sur la formation</a></p>
</div></div></div></div></div>
